Last updated on 2025-05-07 03:51:07 CEST.
Flavor | Version | Tinstall | Tcheck | Ttotal | Status | Flags |
---|---|---|---|---|---|---|
r-devel-linux-x86_64-debian-clang | 1.4.5 | 15.57 | 54.77 | 70.34 | NOTE | |
r-devel-linux-x86_64-debian-gcc | 1.4.5 | 11.62 | 42.25 | 53.87 | NOTE | |
r-devel-linux-x86_64-fedora-clang | 1.4.5 | 118.70 | OK | |||
r-devel-linux-x86_64-fedora-gcc | 1.4.5 | 114.34 | OK | |||
r-devel-windows-x86_64 | 1.4.5 | 21.00 | 84.00 | 105.00 | OK | |
r-patched-linux-x86_64 | 1.4.5 | 14.54 | 53.23 | 67.77 | OK | |
r-release-linux-x86_64 | 1.4.5 | 15.68 | 53.45 | 69.13 | OK | |
r-release-macos-arm64 | 1.4.5 | 38.00 | OK | |||
r-release-macos-x86_64 | 1.4.5 | 60.00 | OK | |||
r-release-windows-x86_64 | 1.4.5 | 22.00 | 82.00 | 104.00 | OK | |
r-oldrel-macos-arm64 | 1.4.5 | 35.00 | OK | |||
r-oldrel-macos-x86_64 | 1.4.5 | 48.00 | OK | |||
r-oldrel-windows-x86_64 | 1.4.5 | 26.00 | 98.00 | 124.00 | OK |
Version: 1.4.5
Check: CRAN incoming feasibility
Result: NOTE
Maintainer: ‘Mark Clements <mark.clements@ki.se>’
No Authors@R field in DESCRIPTION.
Please add one, modifying
Authors@R: c(person(given = "Gilda",
family = "Garibotti",
role = "aut"),
person(given = "Alexander",
family = "Tsodikov",
role = "aut"),
person(given = "Mark",
family = "Clements",
role = c("aut", "cre"),
email = "mark.clements@ki.se"))
as necessary.
Flavors: r-devel-linux-x86_64-debian-clang, r-devel-linux-x86_64-debian-gcc