Last updated on 2025-05-07 03:51:07 CEST.
Flavor | Version | Tinstall | Tcheck | Ttotal | Status | Flags |
---|---|---|---|---|---|---|
r-devel-linux-x86_64-debian-clang | 0.1.4 | 5.93 | 51.93 | 57.86 | NOTE | |
r-devel-linux-x86_64-debian-gcc | 0.1.4 | 4.88 | 40.53 | 45.41 | NOTE | |
r-devel-linux-x86_64-fedora-clang | 0.1.4 | 90.37 | OK | |||
r-devel-linux-x86_64-fedora-gcc | 0.1.4 | 88.16 | OK | |||
r-devel-windows-x86_64 | 0.1.4 | 7.00 | 63.00 | 70.00 | OK | |
r-patched-linux-x86_64 | 0.1.4 | 5.54 | 49.75 | 55.29 | OK | |
r-release-linux-x86_64 | 0.1.4 | 6.35 | 50.17 | 56.52 | OK | |
r-release-macos-arm64 | 0.1.4 | 32.00 | OK | |||
r-release-macos-x86_64 | 0.1.4 | 56.00 | OK | |||
r-release-windows-x86_64 | 0.1.4 | 7.00 | 65.00 | 72.00 | OK | |
r-oldrel-macos-arm64 | 0.1.4 | 29.00 | NOTE | |||
r-oldrel-macos-x86_64 | 0.1.4 | 46.00 | NOTE | |||
r-oldrel-windows-x86_64 | 0.1.4 | 9.00 | 79.00 | 88.00 | NOTE |
Version: 0.1.4
Check: CRAN incoming feasibility
Result: NOTE
Maintainer: ‘Zhao Yang <yangz98@connect.hku.hk>’
No Authors@R field in DESCRIPTION.
Please add one, modifying
Authors@R: person(given = "Zhao",
family = "Yang",
role = c("aut", "cre"),
email = "yangz98@connect.hku.hk")
as necessary.
Flavors: r-devel-linux-x86_64-debian-clang, r-devel-linux-x86_64-debian-gcc
Version: 0.1.4
Check: LazyData
Result: NOTE
'LazyData' is specified without a 'data' directory
Flavors: r-oldrel-macos-arm64, r-oldrel-macos-x86_64, r-oldrel-windows-x86_64