Last updated on 2025-10-31 02:50:37 CET.
| Flavor | Version | Tinstall | Tcheck | Ttotal | Status | Flags | 
|---|---|---|---|---|---|---|
| r-devel-linux-x86_64-debian-clang | 0.2.1 | 2.60 | 24.46 | 27.06 | NOTE | |
| r-devel-linux-x86_64-debian-gcc | 0.2.3 | 1.71 | 19.48 | 21.19 | OK | |
| r-devel-linux-x86_64-fedora-clang | 0.2.3 | 42.49 | OK | |||
| r-devel-linux-x86_64-fedora-gcc | 0.2.3 | 14.00 | 26.84 | 40.84 | OK | |
| r-devel-windows-x86_64 | 0.2.1 | 5.00 | 43.00 | 48.00 | OK | |
| r-patched-linux-x86_64 | 0.2.3 | 2.27 | 22.93 | 25.20 | OK | |
| r-release-linux-x86_64 | 0.2.1 | 2.30 | 23.15 | 25.45 | OK | |
| r-release-macos-arm64 | 0.2.3 | 1.00 | 16.00 | 17.00 | OK | |
| r-release-macos-x86_64 | 0.2.3 | 5.00 | 43.00 | 48.00 | OK | |
| r-release-windows-x86_64 | 0.2.3 | 4.00 | 49.00 | 53.00 | OK | |
| r-oldrel-macos-arm64 | 0.2.3 | 1.00 | 21.00 | 22.00 | OK | |
| r-oldrel-macos-x86_64 | 0.2.3 | 6.00 | 46.00 | 52.00 | OK | |
| r-oldrel-windows-x86_64 | 0.2.1 | 5.00 | 50.00 | 55.00 | OK | 
Version: 0.2.1
Check: CRAN incoming feasibility
Result: NOTE
  Maintainer: ‘Maximilian Kiefel <physik210@hotmail.com>’
  
  No Authors@R field in DESCRIPTION.
  Please add one, modifying
    Authors@R: c(person(given = "Maximilian",
                        family = "Kiefel",
                        role = c("aut", "cre"),
                        email = "physik210@hotmail.com"),
                 person(given = c("Arne", "C."),
                        family = "Bathke",
                        role = "aut"))
  as necessary.
Flavor: r-devel-linux-x86_64-debian-clang