CRAN Package Check Results for Package nparcomp

Last updated on 2025-05-04 03:51:00 CEST.

Flavor Version Tinstall Tcheck Ttotal Status Flags
r-devel-linux-x86_64-debian-clang 3.0 10.80 73.09 83.89 NOTE
r-devel-linux-x86_64-debian-gcc 3.0 7.31 54.68 61.99 NOTE
r-devel-linux-x86_64-fedora-clang 3.0 130.99 OK
r-devel-linux-x86_64-fedora-gcc 3.0 124.44 OK
r-devel-windows-x86_64 3.0 12.00 97.00 109.00 OK
r-patched-linux-x86_64 3.0 11.02 68.86 79.88 OK
r-release-linux-x86_64 OK
r-release-macos-arm64 3.0 46.00 OK
r-release-macos-x86_64 3.0 89.00 OK
r-release-windows-x86_64 3.0 11.00 99.00 110.00 OK
r-oldrel-macos-arm64 3.0 33.00 OK
r-oldrel-macos-x86_64 3.0 52.00 OK
r-oldrel-windows-x86_64 3.0 15.00 114.00 129.00 OK

Check Details

Version: 3.0
Check: CRAN incoming feasibility
Result: NOTE Maintainer: ‘Kerstin Rubarth <kerstin.rubarth@charite.de>’ No Authors@R field in DESCRIPTION. Please add one, modifying Authors@R: c(person(given = "Frank", family = "Konietschke", role = c("aut", "cre")), person(given = "Kimihiro", family = "Noguchi", role = "ctr"), person(given = "Kerstin", family = "Rubarth", role = "cre", email = "kerstin.rubarth@charite.de")) as necessary. Package CITATION file contains call(s) to old-style personList() or as.personList(). Please use c() on person objects instead. Package CITATION file contains call(s) to old-style citEntry(). Please use bibentry() instead. Flavors: r-devel-linux-x86_64-debian-clang, r-devel-linux-x86_64-debian-gcc