Last updated on 2025-05-04 03:51:00 CEST.
Flavor | Version | Tinstall | Tcheck | Ttotal | Status | Flags |
---|---|---|---|---|---|---|
r-devel-linux-x86_64-debian-clang | 0.2.0 | 5.19 | 60.78 | 65.97 | NOTE | |
r-devel-linux-x86_64-debian-gcc | 0.2.0 | 3.15 | 44.09 | 47.24 | NOTE | |
r-devel-linux-x86_64-fedora-clang | 0.2.0 | 97.97 | OK | |||
r-devel-linux-x86_64-fedora-gcc | 0.2.0 | 108.57 | OK | |||
r-devel-windows-x86_64 | 0.2.0 | 6.00 | 78.00 | 84.00 | NOTE | |
r-patched-linux-x86_64 | 0.2.0 | 4.44 | 54.81 | 59.25 | NOTE | |
r-release-linux-x86_64 | NOTE | |||||
r-release-macos-arm64 | 0.2.0 | 34.00 | OK | |||
r-release-macos-x86_64 | 0.2.0 | 74.00 | OK | |||
r-release-windows-x86_64 | 0.2.0 | 8.00 | 78.00 | 86.00 | NOTE | |
r-oldrel-macos-arm64 | 0.2.0 | 36.00 | OK | |||
r-oldrel-macos-x86_64 | 0.2.0 | 95.00 | OK | |||
r-oldrel-windows-x86_64 | 0.2.0 | 8.00 | 93.00 | 101.00 | OK |
Version: 0.2.0
Check: Rd cross-references
Result: NOTE
Found the following Rd file(s) with Rd \link{} targets missing package
anchors:
nest_fill.Rd: tidyr_tidy_select
Please provide package anchors for all Rd \link{} targets not in the
package itself and the base packages.
Flavors: r-devel-linux-x86_64-debian-clang, r-devel-linux-x86_64-debian-gcc, r-devel-windows-x86_64, r-patched-linux-x86_64, r-release-linux-x86_64, r-release-windows-x86_64