Last updated on 2025-05-06 03:51:09 CEST.
Flavor | Version | Tinstall | Tcheck | Ttotal | Status | Flags |
---|---|---|---|---|---|---|
r-devel-linux-x86_64-debian-clang | 1.3.1 | 6.64 | 58.60 | 65.24 | NOTE | |
r-devel-linux-x86_64-debian-gcc | 1.3.1 | 5.41 | 43.93 | 49.34 | NOTE | |
r-devel-linux-x86_64-fedora-clang | 1.3.1 | 100.20 | OK | |||
r-devel-linux-x86_64-fedora-gcc | 1.3.1 | 97.78 | OK | |||
r-devel-windows-x86_64 | 1.3.1 | 7.00 | 75.00 | 82.00 | OK | |
r-patched-linux-x86_64 | 1.3.1 | 6.96 | 55.43 | 62.39 | OK | |
r-release-linux-x86_64 | 1.3.1 | 5.84 | 55.13 | 60.97 | OK | |
r-release-macos-arm64 | 1.3.1 | 35.00 | OK | |||
r-release-macos-x86_64 | 1.3.1 | 58.00 | OK | |||
r-release-windows-x86_64 | 1.3.1 | 7.00 | 76.00 | 83.00 | OK | |
r-oldrel-macos-arm64 | 1.3.1 | 32.00 | OK | |||
r-oldrel-macos-x86_64 | 1.3.1 | 46.00 | OK | |||
r-oldrel-windows-x86_64 | 1.3.1 | 9.00 | 91.00 | 100.00 | OK |
Version: 1.3.1
Check: CRAN incoming feasibility
Result: NOTE
Maintainer: ‘Scott Powers <saberpowers@gmail.com>’
No Authors@R field in DESCRIPTION.
Please add one, modifying
Authors@R: c(person(given = "Scott",
family = "Powers",
role = c("aut", "cre"),
email = "saberpowers@gmail.com"),
person(given = "Trevor",
family = "Hastie",
role = "aut"),
person(given = "Robert",
family = "Tibshirani",
role = "aut"))
as necessary.
Flavors: r-devel-linux-x86_64-debian-clang, r-devel-linux-x86_64-debian-gcc