CRAN Package Check Results for Package nptest

Last updated on 2025-05-04 03:51:00 CEST.

Flavor Version Tinstall Tcheck Ttotal Status Flags
r-devel-linux-x86_64-debian-clang 1.1 4.35 45.69 50.04 NOTE
r-devel-linux-x86_64-debian-gcc 1.1 3.10 29.79 32.89 NOTE
r-devel-linux-x86_64-fedora-clang 1.1 77.46 NOTE
r-devel-linux-x86_64-fedora-gcc 1.1 75.75 NOTE
r-devel-windows-x86_64 1.1 4.00 59.00 63.00 NOTE
r-patched-linux-x86_64 1.1 5.02 42.41 47.43 NOTE
r-release-linux-x86_64 NOTE
r-release-macos-arm64 1.1 23.00 NOTE
r-release-macos-x86_64 1.1 45.00 NOTE
r-release-windows-x86_64 1.1 5.00 59.00 64.00 NOTE
r-oldrel-macos-arm64 1.1 21.00 NOTE
r-oldrel-macos-x86_64 1.1 40.00 NOTE
r-oldrel-windows-x86_64 1.1 5.00 56.00 61.00 NOTE

Check Details

Version: 1.1
Check: CRAN incoming feasibility
Result: NOTE Maintainer: ‘Nathaniel E. Helwig <helwig@umn.edu>’ No Authors@R field in DESCRIPTION. Please add one, modifying Authors@R: person(given = c("Nathaniel", "E."), family = "Helwig", role = c("aut", "cre"), email = "helwig@umn.edu") as necessary. Flavors: r-devel-linux-x86_64-debian-clang, r-devel-linux-x86_64-debian-gcc

Version: 1.1
Check: Rd files
Result: NOTE checkRd: (-1) np.reg.test.Rd:148: Lost braces 148 | ter Braak, C. J. F. (1992). Permutation versus bootstrap significance tests in multiple regression and ANOVA. In K. H. J\"{o}ckel, G. Rothe, & W. Sendler (Eds.), Bootstrapping and related techniques. lecture notes in economics and mathematical systems, vol 376 (pp. 79-86). Springer. | ^ checkRd: (-1) nptest-package.Rd:73: Lost braces 73 | ter Braak, C. J. F. (1992). Permutation versus bootstrap significance tests in multiple regression and ANOVA. In K. H. J\"{o}ckel, G. Rothe, & W. Sendler (Eds.), Bootstrapping and related techniques. lecture notes in economics and mathematical systems, vol 376 (pp. 79-86). Springer. | ^ Flavors: r-devel-linux-x86_64-debian-clang, r-devel-linux-x86_64-debian-gcc, r-devel-linux-x86_64-fedora-clang, r-devel-linux-x86_64-fedora-gcc, r-devel-windows-x86_64, r-patched-linux-x86_64, r-release-linux-x86_64, r-release-macos-arm64, r-release-macos-x86_64, r-release-windows-x86_64, r-oldrel-macos-arm64, r-oldrel-macos-x86_64, r-oldrel-windows-x86_64