Last updated on 2025-05-06 03:51:09 CEST.
Flavor | Version | Tinstall | Tcheck | Ttotal | Status | Flags |
---|---|---|---|---|---|---|
r-devel-linux-x86_64-debian-clang | 1.1 | 1.84 | 23.55 | 25.39 | NOTE | |
r-devel-linux-x86_64-debian-gcc | 1.1 | 1.33 | 17.71 | 19.04 | NOTE | |
r-devel-linux-x86_64-fedora-clang | 1.1 | 38.92 | OK | |||
r-devel-linux-x86_64-fedora-gcc | 1.1 | 38.48 | OK | |||
r-devel-windows-x86_64 | 1.1 | 4.00 | 49.00 | 53.00 | OK | |
r-patched-linux-x86_64 | 1.1 | 2.10 | 22.03 | 24.13 | OK | |
r-release-linux-x86_64 | 1.1 | 1.80 | 22.16 | 23.96 | OK | |
r-release-macos-arm64 | 1.1 | 18.00 | OK | |||
r-release-macos-x86_64 | 1.1 | 29.00 | OK | |||
r-release-windows-x86_64 | 1.1 | 3.00 | 51.00 | 54.00 | OK | |
r-oldrel-macos-arm64 | 1.1 | 17.00 | OK | |||
r-oldrel-macos-x86_64 | 1.1 | 30.00 | OK | |||
r-oldrel-windows-x86_64 | 1.1 | 3.00 | 53.00 | 56.00 | OK |
Version: 1.1
Check: CRAN incoming feasibility
Result: NOTE
Maintainer: ‘Ming-Chang (Alan) Lee <alan9956@ydu.edu.tw>’
No Authors@R field in DESCRIPTION.
Please add one, modifying
Authors@R: c(person(given = "Ching-Shih",
family = "Tsou",
role = "aut",
email = "cstsou@mail.ntcb.edu.tw",
comment = "Vince"),
person(given = "Ming-Chang",
family = "Lee",
role = "cre",
email = "alan9956@ydu.edu.tw",
comment = "Alan"))
as necessary.
Flavors: r-devel-linux-x86_64-debian-clang, r-devel-linux-x86_64-debian-gcc