CRAN Package Check Results for Package nspmix

Last updated on 2025-05-06 03:51:09 CEST.

Flavor Version Tinstall Tcheck Ttotal Status Flags
r-devel-linux-x86_64-debian-clang 1.5-0 3.71 47.71 51.42 NOTE
r-devel-linux-x86_64-debian-gcc 1.5-0 2.79 32.47 35.26 NOTE
r-devel-linux-x86_64-fedora-clang 1.5-0 83.01 OK
r-devel-linux-x86_64-fedora-gcc 1.5-0 86.13 OK
r-devel-windows-x86_64 1.5-0 5.00 67.00 72.00 NOTE
r-patched-linux-x86_64 1.5-0 3.96 44.65 48.61 NOTE
r-release-linux-x86_64 1.5-0 3.80 45.33 49.13 NOTE
r-release-macos-arm64 1.5-0 27.00 OK
r-release-macos-x86_64 1.5-0 50.00 OK
r-release-windows-x86_64 1.5-0 5.00 72.00 77.00 NOTE
r-oldrel-macos-arm64 1.5-0 26.00 OK
r-oldrel-macos-x86_64 1.5-0 37.00 OK
r-oldrel-windows-x86_64 1.5-0 5.00 64.00 69.00 OK

Check Details

Version: 1.5-0
Check: CRAN incoming feasibility
Result: NOTE Maintainer: ‘Yong Wang <yongwang@auckland.ac.nz>’ No Authors@R field in DESCRIPTION. Please add one, modifying Authors@R: person(given = "Yong", family = "Wang", role = c("aut", "cre"), email = "yongwang@auckland.ac.nz") as necessary. Flavors: r-devel-linux-x86_64-debian-clang, r-devel-linux-x86_64-debian-gcc

Version: 1.5-0
Check: Rd cross-references
Result: NOTE Found the following Rd file(s) with Rd \link{} targets missing package anchors: cnm.Rd: nnls cnmms.Rd: nnls cvps.Rd: nnls mlogit.Rd: nnls npnorm.Rd: nnls nppois.Rd: nnls plot.nspmix.Rd: nnls plotgrad.Rd: nnls Please provide package anchors for all Rd \link{} targets not in the package itself and the base packages. Flavors: r-devel-linux-x86_64-debian-clang, r-devel-linux-x86_64-debian-gcc, r-devel-windows-x86_64, r-patched-linux-x86_64, r-release-linux-x86_64, r-release-windows-x86_64