CRAN Package Check Results for Package numDeriv

Last updated on 2025-05-07 03:51:08 CEST.

Flavor Version Tinstall Tcheck Ttotal Status Flags
r-devel-linux-x86_64-debian-clang 2016.8-1.1 1.79 27.50 29.29 NOTE
r-devel-linux-x86_64-debian-gcc 2016.8-1.1 1.54 22.39 23.93 NOTE
r-devel-linux-x86_64-fedora-clang 2016.8-1.1 48.66 OK
r-devel-linux-x86_64-fedora-gcc 2016.8-1.1 63.58 OK
r-devel-windows-x86_64 2016.8-1.1 3.00 57.00 60.00 OK
r-patched-linux-x86_64 2016.8-1.1 1.93 27.25 29.18 OK
r-release-linux-x86_64 2016.8-1.1 1.68 27.24 28.92 OK
r-release-macos-arm64 2016.8-1.1 24.00 OK
r-release-macos-x86_64 2016.8-1.1 44.00 OK
r-release-windows-x86_64 2016.8-1.1 4.00 61.00 65.00 OK
r-oldrel-macos-arm64 2016.8-1.1 26.00 OK
r-oldrel-macos-x86_64 2016.8-1.1 34.00 OK
r-oldrel-windows-x86_64 2016.8-1.1 3.00 55.00 58.00 OK

Check Details

Version: 2016.8-1.1
Check: CRAN incoming feasibility
Result: NOTE Maintainer: ‘Paul Gilbert <pgilbert.ttv9z@ncf.ca>’ No Authors@R field in DESCRIPTION. Please add one, modifying Authors@R: c(person(given = "Paul", family = "Gilbert", role = c("aut", "cre"), email = "pgilbert.ttv9z@ncf.ca"), person(given = "Ravi", family = "Varadhan", role = "aut")) as necessary. Flavors: r-devel-linux-x86_64-debian-clang, r-devel-linux-x86_64-debian-gcc