Last updated on 2025-05-07 03:51:08 CEST.
Flavor | Version | Tinstall | Tcheck | Ttotal | Status | Flags |
---|---|---|---|---|---|---|
r-devel-linux-x86_64-debian-clang | 0.0.2 | 2.90 | 26.12 | 29.02 | NOTE | |
r-devel-linux-x86_64-debian-gcc | 0.0.2 | 2.17 | 20.50 | 22.67 | NOTE | |
r-devel-linux-x86_64-fedora-clang | 0.0.2 | 45.31 | NOTE | |||
r-devel-linux-x86_64-fedora-gcc | 0.0.2 | 45.16 | NOTE | |||
r-devel-windows-x86_64 | 0.0.2 | 4.00 | 47.00 | 51.00 | NOTE | |
r-patched-linux-x86_64 | 0.0.2 | 2.64 | 25.60 | 28.24 | NOTE | |
r-release-linux-x86_64 | 0.0.2 | 2.58 | 25.61 | 28.19 | NOTE | |
r-release-macos-arm64 | 0.0.2 | 18.00 | NOTE | |||
r-release-macos-x86_64 | 0.0.2 | 33.00 | NOTE | |||
r-release-windows-x86_64 | 0.0.2 | 4.00 | 46.00 | 50.00 | NOTE | |
r-oldrel-macos-arm64 | 0.0.2 | 20.00 | NOTE | |||
r-oldrel-macos-x86_64 | 0.0.2 | 27.00 | NOTE | |||
r-oldrel-windows-x86_64 | 0.0.2 | 5.00 | 53.00 | 58.00 | NOTE |
Version: 0.0.2
Check: package subdirectories
Result: NOTE
Problems with news in ‘NEWS.md’:
No news entries found.
Flavors: r-devel-linux-x86_64-debian-clang, r-devel-linux-x86_64-debian-gcc, r-devel-linux-x86_64-fedora-clang, r-devel-linux-x86_64-fedora-gcc, r-devel-windows-x86_64, r-patched-linux-x86_64, r-release-linux-x86_64, r-release-macos-arm64, r-release-macos-x86_64, r-release-windows-x86_64, r-oldrel-macos-arm64, r-oldrel-macos-x86_64, r-oldrel-windows-x86_64
Version: 0.0.2
Check: LazyData
Result: NOTE
'LazyData' is specified without a 'data' directory
Flavors: r-oldrel-macos-arm64, r-oldrel-macos-x86_64, r-oldrel-windows-x86_64