Last updated on 2025-10-31 02:50:38 CET.
| Flavor | Version | Tinstall | Tcheck | Ttotal | Status | Flags | 
|---|---|---|---|---|---|---|
| r-devel-linux-x86_64-debian-clang | 1.0.1 | 3.61 | 34.94 | 38.55 | NOTE | |
| r-devel-linux-x86_64-debian-gcc | 1.0.1 | 2.41 | 26.72 | 29.13 | NOTE | |
| r-devel-linux-x86_64-fedora-clang | 1.0.1 | 55.24 | NOTE | |||
| r-devel-linux-x86_64-fedora-gcc | 1.0.1 | 52.76 | NOTE | |||
| r-devel-windows-x86_64 | 1.0.1 | 5.00 | 57.00 | 62.00 | NOTE | |
| r-patched-linux-x86_64 | 1.0.1 | 3.41 | 31.49 | 34.90 | NOTE | |
| r-release-linux-x86_64 | 1.0.1 | 3.49 | 31.55 | 35.04 | NOTE | |
| r-release-macos-arm64 | 1.0.1 | 2.00 | 28.00 | 30.00 | NOTE | |
| r-release-macos-x86_64 | 1.0.1 | 3.00 | 35.00 | 38.00 | NOTE | |
| r-release-windows-x86_64 | 1.0.1 | 5.00 | 52.00 | 57.00 | NOTE | |
| r-oldrel-macos-arm64 | 1.0.1 | 2.00 | 27.00 | 29.00 | OK | |
| r-oldrel-macos-x86_64 | 1.0.1 | 3.00 | 29.00 | 32.00 | OK | |
| r-oldrel-windows-x86_64 | 1.0.1 | 7.00 | 60.00 | 67.00 | OK | 
Version: 1.0.1
Check: DESCRIPTION meta-information
Result: NOTE
    Missing dependency on R >= 4.1.0 because package code uses the pipe
    |> or function shorthand \(...) syntax added in R 4.1.0.
    File(s) using such syntax:
      ‘octopus_api.R’
Flavors: r-devel-linux-x86_64-debian-clang, r-devel-linux-x86_64-debian-gcc, r-devel-linux-x86_64-fedora-clang, r-devel-linux-x86_64-fedora-gcc, r-devel-windows-x86_64, r-patched-linux-x86_64, r-release-linux-x86_64, r-release-macos-arm64, r-release-macos-x86_64, r-release-windows-x86_64