Last updated on 2025-05-06 03:51:10 CEST.
Flavor | Version | Tinstall | Tcheck | Ttotal | Status | Flags |
---|---|---|---|---|---|---|
r-devel-linux-x86_64-debian-clang | 0.1.0 | 31.39 | 24.61 | 56.00 | NOTE | |
r-devel-linux-x86_64-debian-gcc | 0.1.0 | 23.31 | 20.07 | 43.38 | NOTE | |
r-devel-linux-x86_64-fedora-clang | 0.1.0 | 94.71 | NOTE | |||
r-devel-linux-x86_64-fedora-gcc | 0.1.0 | 107.74 | NOTE | |||
r-devel-windows-x86_64 | 0.1.0 | 36.00 | 63.00 | 99.00 | NOTE | |
r-patched-linux-x86_64 | 0.1.0 | 30.56 | 22.93 | 53.49 | NOTE | |
r-release-linux-x86_64 | 0.1.0 | 27.72 | 22.98 | 50.70 | NOTE | |
r-release-macos-arm64 | 0.1.0 | 31.00 | NOTE | |||
r-release-macos-x86_64 | 0.1.0 | 44.00 | NOTE | |||
r-release-windows-x86_64 | 0.1.0 | 36.00 | 66.00 | 102.00 | NOTE | |
r-oldrel-macos-arm64 | 0.1.0 | 29.00 | NOTE | |||
r-oldrel-macos-x86_64 | 0.1.0 | 41.00 | NOTE | |||
r-oldrel-windows-x86_64 | 0.1.0 | 41.00 | 78.00 | 119.00 | NOTE |
Version: 0.1.0
Check: CRAN incoming feasibility
Result: NOTE
Maintainer: ‘James Joseph Balamuta <balamut2@illinois.edu>’
Package CITATION file contains call(s) to old-style citEntry(). Please
use bibentry() instead.
Flavors: r-devel-linux-x86_64-debian-clang, r-devel-linux-x86_64-debian-gcc
Version: 0.1.0
Check: C++ specification
Result: NOTE
Specified C++11: please drop specification unless essential
Flavors: r-devel-linux-x86_64-debian-clang, r-devel-linux-x86_64-debian-gcc, r-devel-linux-x86_64-fedora-clang, r-devel-linux-x86_64-fedora-gcc, r-devel-windows-x86_64, r-patched-linux-x86_64, r-release-linux-x86_64, r-release-macos-arm64, r-release-macos-x86_64, r-release-windows-x86_64, r-oldrel-macos-arm64, r-oldrel-macos-x86_64, r-oldrel-windows-x86_64