CRAN Package Check Results for Package omsvg

Last updated on 2025-05-06 03:51:10 CEST.

Flavor Version Tinstall Tcheck Ttotal Status Flags
r-devel-linux-x86_64-debian-clang 0.1.0 8.21 34.75 42.96 OK
r-devel-linux-x86_64-debian-gcc 0.1.0 7.37 26.82 34.19 OK
r-devel-linux-x86_64-fedora-clang 0.1.0 69.00 NOTE
r-devel-linux-x86_64-fedora-gcc 0.1.0 68.09 NOTE
r-devel-windows-x86_64 0.1.0 11.00 60.00 71.00 OK
r-patched-linux-x86_64 0.1.0 11.55 33.34 44.89 OK
r-release-linux-x86_64 0.1.0 8.53 33.79 42.32 OK
r-release-macos-arm64 0.1.0 29.00 OK
r-release-macos-x86_64 0.1.0 44.00 OK
r-release-windows-x86_64 0.1.0 12.00 62.00 74.00 OK
r-oldrel-macos-arm64 0.1.0 26.00 NOTE
r-oldrel-macos-x86_64 0.1.0 34.00 NOTE
r-oldrel-windows-x86_64 0.1.0 14.00 66.00 80.00 NOTE

Check Details

Version: 0.1.0
Check: dependencies in R code
Result: NOTE Namespace in Imports field not imported from: ‘gt’ All declared Imports should be used. Flavors: r-devel-linux-x86_64-fedora-clang, r-devel-linux-x86_64-fedora-gcc

Version: 0.1.0
Check: LazyData
Result: NOTE 'LazyData' is specified without a 'data' directory Flavors: r-oldrel-macos-arm64, r-oldrel-macos-x86_64, r-oldrel-windows-x86_64