Last updated on 2025-05-04 03:51:00 CEST.
Flavor | Version | Tinstall | Tcheck | Ttotal | Status | Flags |
---|---|---|---|---|---|---|
r-devel-linux-x86_64-debian-clang | 1.5.3-5 | 3.43 | 22.94 | 26.37 | OK | |
r-devel-linux-x86_64-debian-gcc | 1.5.3-5 | 2.83 | 17.66 | 20.49 | OK | |
r-devel-linux-x86_64-fedora-clang | 1.5.3-5 | 42.38 | OK | |||
r-devel-linux-x86_64-fedora-gcc | 1.5.3-5 | 39.77 | OK | |||
r-devel-windows-x86_64 | 1.5.3-5 | 4.00 | 34.00 | 38.00 | OK | |
r-patched-linux-x86_64 | 1.5.3-5 | 2.99 | 21.59 | 24.58 | OK | |
r-release-linux-x86_64 | OK | |||||
r-release-macos-arm64 | 1.5.3-5 | 19.00 | OK | |||
r-release-macos-x86_64 | 1.5.3-5 | 30.00 | OK | |||
r-release-windows-x86_64 | 1.5.3-5 | 4.00 | 37.00 | 41.00 | OK | |
r-oldrel-macos-arm64 | 1.5.3-5 | 18.00 | NOTE | |||
r-oldrel-macos-x86_64 | 1.5.3-5 | 24.00 | NOTE | |||
r-oldrel-windows-x86_64 | 1.5.3-5 | 4.00 | 32.00 | 36.00 | NOTE |
Version: 1.5.3-5
Check: installed package size
Result: NOTE
installed size is 7.2Mb
sub-directories of 1Mb or more:
java 1.2Mb
models 6.0Mb
Flavors: r-oldrel-macos-arm64, r-oldrel-macos-x86_64, r-oldrel-windows-x86_64