Last updated on 2025-10-31 02:50:38 CET.
| Flavor | Version | Tinstall | Tcheck | Ttotal | Status | Flags | 
|---|---|---|---|---|---|---|
| r-devel-linux-x86_64-debian-clang | 0.2.0 | 2.49 | 164.35 | 166.84 | NOTE | |
| r-devel-linux-x86_64-debian-gcc | 0.2.0 | 1.73 | 114.09 | 115.82 | NOTE | |
| r-devel-linux-x86_64-fedora-clang | 0.2.0 | 280.65 | NOTE | |||
| r-devel-linux-x86_64-fedora-gcc | 0.2.0 | 286.87 | NOTE | |||
| r-devel-windows-x86_64 | 0.2.0 | 4.00 | 189.00 | 193.00 | OK | |
| r-patched-linux-x86_64 | 0.2.0 | 2.20 | 157.95 | 160.15 | OK | |
| r-release-linux-x86_64 | 0.2.0 | 2.19 | 157.66 | 159.85 | OK | |
| r-release-macos-arm64 | 0.2.0 | 1.00 | 94.00 | 95.00 | OK | |
| r-release-macos-x86_64 | 0.2.0 | 2.00 | 182.00 | 184.00 | OK | |
| r-release-windows-x86_64 | 0.2.0 | 4.00 | 189.00 | 193.00 | OK | |
| r-oldrel-macos-arm64 | 0.2.0 | 1.00 | 83.00 | 84.00 | OK | |
| r-oldrel-macos-x86_64 | 0.2.0 | 2.00 | 164.00 | 166.00 | OK | |
| r-oldrel-windows-x86_64 | 0.2.0 | 4.00 | 237.00 | 241.00 | OK | 
Version: 0.2.0
Check: CRAN incoming feasibility
Result: NOTE
  Maintainer: ‘Mitchell Lyons <mitchell.lyons@gmail.com>’
  
  Found the following \keyword or \concept entries
  which likely give several index terms:
    File ‘find_optimal.Rd’:
      \keyword{optimal,}
      \keyword{partition,}
    File ‘get_characteristic.Rd’:
      \keyword{characteristic,}
      \keyword{diagnostic,}
    File ‘merge_clusters.Rd’:
      \keyword{iterative,}
      \keyword{merging,}
      \keyword{reallocation,}
Flavors: r-devel-linux-x86_64-debian-clang, r-devel-linux-x86_64-debian-gcc
Version: 0.2.0
Check: dependencies in R code
Result: NOTE
  Namespace in Imports field not imported from: ‘methods’
    All declared Imports should be used.
Flavors: r-devel-linux-x86_64-fedora-clang, r-devel-linux-x86_64-fedora-gcc