Last updated on 2025-07-03 03:49:48 CEST.
Flavor | Version | Tinstall | Tcheck | Ttotal | Status | Flags |
---|---|---|---|---|---|---|
r-devel-linux-x86_64-debian-clang | 0.9.0 | 6.56 | 55.18 | 61.74 | NOTE | |
r-devel-linux-x86_64-debian-gcc | 0.9.0 | 4.62 | 39.40 | 44.02 | NOTE | |
r-devel-linux-x86_64-fedora-clang | 0.9.0 | 93.51 | OK | |||
r-devel-linux-x86_64-fedora-gcc | 0.9.0 | 87.03 | OK | |||
r-devel-windows-x86_64 | 0.9.0 | 9.00 | 64.00 | 73.00 | OK | |
r-patched-linux-x86_64 | 0.9.0 | 6.30 | 48.83 | 55.13 | OK | |
r-release-linux-x86_64 | 0.9.0 | 5.75 | 48.67 | 54.42 | OK | |
r-release-macos-arm64 | 0.9.0 | 26.00 | OK | |||
r-release-macos-x86_64 | 0.9.0 | 46.00 | OK | |||
r-release-windows-x86_64 | 0.9.0 | 9.00 | 66.00 | 75.00 | OK | |
r-oldrel-macos-arm64 | 0.9.0 | 26.00 | OK | |||
r-oldrel-macos-x86_64 | 0.9.0 | 41.00 | OK | |||
r-oldrel-windows-x86_64 | 0.9.0 | 10.00 | 79.00 | 89.00 | OK |
Version: 0.9.0
Check: CRAN incoming feasibility
Result: NOTE
Maintainer: ‘Yi Tang <yi.tang.uk@me.com>’
No Authors@R field in DESCRIPTION.
Please add one, modifying
Authors@R: person(given = "Yi",
family = "Tang",
role = c("aut", "cre"),
email = "yi.tang.uk@me.com")
as necessary.
Flavors: r-devel-linux-x86_64-debian-clang, r-devel-linux-x86_64-debian-gcc