Last updated on 2025-10-30 02:49:08 CET.
| Flavor | Version | Tinstall | Tcheck | Ttotal | Status | Flags | 
|---|---|---|---|---|---|---|
| r-devel-linux-x86_64-debian-clang | 1.0-8 | 2.78 | 29.26 | 32.04 | NOTE | |
| r-devel-linux-x86_64-debian-gcc | 1.0-8 | 2.13 | 23.63 | 25.76 | NOTE | |
| r-devel-linux-x86_64-fedora-clang | 1.0-8 | 46.70 | OK | |||
| r-devel-linux-x86_64-fedora-gcc | 1.0-8 | 58.99 | OK | |||
| r-devel-windows-x86_64 | 1.0-8 | 6.00 | 65.00 | 71.00 | OK | |
| r-patched-linux-x86_64 | 1.0-8 | 2.48 | 28.37 | 30.85 | OK | |
| r-release-linux-x86_64 | 1.0-8 | 2.37 | 28.16 | 30.53 | OK | |
| r-release-macos-arm64 | 1.0-8 | 2.00 | 25.00 | 27.00 | OK | |
| r-release-macos-x86_64 | 1.0-8 | 4.00 | 44.00 | 48.00 | OK | |
| r-release-windows-x86_64 | 1.0-8 | 6.00 | 69.00 | 75.00 | OK | |
| r-oldrel-macos-arm64 | 1.0-8 | 2.00 | 23.00 | 25.00 | OK | |
| r-oldrel-macos-x86_64 | 1.0-8 | 3.00 | 32.00 | 35.00 | OK | |
| r-oldrel-windows-x86_64 | 1.0-8 | 7.00 | 69.00 | 76.00 | OK | 
Version: 1.0-8
Check: CRAN incoming feasibility
Result: NOTE
  Maintainer: ‘Zhu Wang <zwang145@uthsc.edu>’
  
  No Authors@R field in DESCRIPTION.
  Please add one, modifying
    Authors@R: person(given = "Zhu",
                      family = "Wang",
                      role = c("aut", "cre"),
                      email = "https://orcid.org/0000-0002-0773-0052")
  as necessary.
Flavors: r-devel-linux-x86_64-debian-clang, r-devel-linux-x86_64-debian-gcc