CRAN Package Check Results for Package oshka

Last updated on 2025-05-07 03:51:08 CEST.

Flavor Version Tinstall Tcheck Ttotal Status Flags
r-devel-linux-x86_64-debian-clang 0.1.2 1.72 31.21 32.93 NOTE
r-devel-linux-x86_64-debian-gcc 0.1.2 1.28 24.47 25.75 NOTE
r-devel-linux-x86_64-fedora-clang 0.1.2 51.62 OK
r-devel-linux-x86_64-fedora-gcc 0.1.2 62.71 OK
r-devel-windows-x86_64 0.1.2 3.00 50.00 53.00 OK
r-patched-linux-x86_64 0.1.2 1.78 28.41 30.19 OK
r-release-linux-x86_64 0.1.2 1.71 28.40 30.11 OK
r-release-macos-arm64 0.1.2 27.00 OK
r-release-macos-x86_64 0.1.2 46.00 OK
r-release-windows-x86_64 0.1.2 4.00 51.00 55.00 OK
r-oldrel-macos-arm64 0.1.2 24.00 NOTE
r-oldrel-macos-x86_64 0.1.2 35.00 NOTE
r-oldrel-windows-x86_64 0.1.2 3.00 59.00 62.00 NOTE

Check Details

Version: 0.1.2
Check: CRAN incoming feasibility
Result: NOTE Maintainer: ‘Brodie Gaslam <brodie.gaslam@yahoo.com>’ Found the following (possibly) invalid file URI: URI: ./Introduction.html From: inst/doc/nse-fun.html Flavors: r-devel-linux-x86_64-debian-clang, r-devel-linux-x86_64-debian-gcc

Version: 0.1.2
Check: LazyData
Result: NOTE 'LazyData' is specified without a 'data' directory Flavors: r-oldrel-macos-arm64, r-oldrel-macos-x86_64, r-oldrel-windows-x86_64