CRAN Package Check Results for Package outliers

Last updated on 2025-05-04 03:51:01 CEST.

Flavor Version Tinstall Tcheck Ttotal Status Flags
r-devel-linux-x86_64-debian-clang 0.15 2.65 20.28 22.93 NOTE
r-devel-linux-x86_64-debian-gcc 0.15 1.85 15.54 17.39 NOTE
r-devel-linux-x86_64-fedora-clang 0.15 35.71 OK
r-devel-linux-x86_64-fedora-gcc 0.15 33.73 OK
r-devel-windows-x86_64 0.15 4.00 40.00 44.00 OK
r-patched-linux-x86_64 0.15 2.29 19.26 21.55 OK
r-release-linux-x86_64 OK
r-release-macos-arm64 0.15 16.00 OK
r-release-macos-x86_64 0.15 23.00 OK
r-release-windows-x86_64 0.15 3.00 42.00 45.00 OK
r-oldrel-macos-arm64 0.15 19.00 OK
r-oldrel-macos-x86_64 0.15 21.00 OK
r-oldrel-windows-x86_64 0.15 4.00 39.00 43.00 OK

Check Details

Version: 0.15
Check: CRAN incoming feasibility
Result: NOTE Maintainer: ‘Lukasz Komsta <lukasz.komsta@umlub.pl>’ No Authors@R field in DESCRIPTION. Please add one, modifying Authors@R: person(given = "Lukasz", family = "Komsta", role = c("aut", "cre"), email = "lukasz.komsta@umlub.pl") as necessary. Flavors: r-devel-linux-x86_64-debian-clang, r-devel-linux-x86_64-debian-gcc