CRAN Package Check Results for Package pBrackets

Last updated on 2025-07-25 03:51:31 CEST.

Flavor Version Tinstall Tcheck Ttotal Status Flags
r-devel-linux-x86_64-debian-clang 1.0.1 1.86 25.73 27.59 NOTE
r-devel-linux-x86_64-debian-gcc 1.0.1 1.52 21.03 22.55 NOTE
r-devel-linux-x86_64-fedora-clang 1.0.1 42.80 OK
r-devel-linux-x86_64-fedora-gcc 1.0.1 54.96 OK
r-devel-windows-x86_64 1.0.1 3.00 56.00 59.00 OK
r-patched-linux-x86_64 1.0.1 1.93 24.36 26.29 OK
r-release-linux-x86_64 1.0.1 1.96 24.54 26.50 OK
r-release-macos-arm64 1.0.1 25.00 OK
r-release-macos-x86_64 1.0.1 43.00 OK
r-release-windows-x86_64 1.0.1 2.00 50.00 52.00 OK
r-oldrel-macos-arm64 1.0.1 23.00 OK
r-oldrel-macos-x86_64 1.0.1 34.00 OK
r-oldrel-windows-x86_64 1.0.1 3.00 55.00 58.00 OK

Check Details

Version: 1.0.1
Check: CRAN incoming feasibility
Result: NOTE Maintainer: ‘Andreas Schulz <ades-s@web.de>’ No Authors@R field in DESCRIPTION. Please add one, modifying Authors@R: person(given = "Andreas", family = "Schulz", role = c("aut", "cre"), email = "ades-s@web.de") as necessary. Flavors: r-devel-linux-x86_64-debian-clang, r-devel-linux-x86_64-debian-gcc