Last updated on 2025-10-31 02:50:39 CET.
| Flavor | Version | Tinstall | Tcheck | Ttotal | Status | Flags | 
|---|---|---|---|---|---|---|
| r-devel-linux-x86_64-debian-clang | 0.5 | 5.69 | 28.24 | 33.93 | OK | |
| r-devel-linux-x86_64-debian-gcc | 0.5 | 4.75 | 23.08 | 27.83 | OK | |
| r-devel-linux-x86_64-fedora-clang | 0.5 | 42.00 | 16.18 | 58.18 | OK | |
| r-devel-linux-x86_64-fedora-gcc | 0.5 | 29.00 | 113.29 | 142.29 | OK | |
| r-devel-windows-x86_64 | 0.5 | 9.00 | 49.00 | 58.00 | OK | |
| r-patched-linux-x86_64 | 0.5 | 6.62 | 27.11 | 33.73 | OK | |
| r-release-linux-x86_64 | 0.5 | 6.34 | 27.05 | 33.39 | OK | |
| r-release-macos-arm64 | 0.5 | 4.00 | 32.00 | 36.00 | ERROR | |
| r-release-macos-x86_64 | 0.5 | 6.00 | 65.00 | 71.00 | ERROR | |
| r-release-windows-x86_64 | 0.5 | 8.00 | 50.00 | 58.00 | OK | |
| r-oldrel-macos-arm64 | 0.5 | 4.00 | 36.00 | 40.00 | ERROR | |
| r-oldrel-macos-x86_64 | 0.5 | 8.00 | 68.00 | 76.00 | ERROR | |
| r-oldrel-windows-x86_64 | 0.5 | 11.00 | 59.00 | 70.00 | OK | 
Version: 0.5
Check: re-building of vignette outputs
Result: ERROR
  Error(s) in re-building vignettes:
  --- re-building ‘pQTLdata.Rmd’ using rmarkdown
  Failed with error:  'there is no package called 'EnsDb.Hsapiens.v75''
  Failed with error:  'there is no package called 'org.Hs.eg.db''
  
  Quitting from pQTLdata.Rmd:125-153 [refdata]
  ~~~~~~~~~~~~~~~~~~~~~~~~~~~~~~~~~~~~~~~~~~~~~~~~~~~~~~~~~~~~~~~~~~~~~~~~~~~~~~~~
  <error/rlang_error>
  Error in `h()`:
  ! error in evaluating the argument 'x' in selecting a method for function 'metadata': object 'EnsDb.Hsapiens.v75' not found
  ---
  Backtrace:
      ▆
   1. ├─ensembldb::metadata(EnsDb.Hsapiens.v75)
   2. └─base::.handleSimpleError(...)
   3.   └─base (local) h(simpleError(msg, call))
  ~~~~~~~~~~~~~~~~~~~~~~~~~~~~~~~~~~~~~~~~~~~~~~~~~~~~~~~~~~~~~~~~~~~~~~~~~~~~~~~~
  
  Error: processing vignette 'pQTLdata.Rmd' failed with diagnostics:
  error in evaluating the argument 'x' in selecting a method for function 'metadata': object 'EnsDb.Hsapiens.v75' not found
  --- failed re-building ‘pQTLdata.Rmd’
  
  SUMMARY: processing the following file failed:
    ‘pQTLdata.Rmd’
  
  Error: Vignette re-building failed.
  Execution halted
Flavor: r-release-macos-arm64
Version: 0.5
Check: re-building of vignette outputs
Result: ERROR
  Error(s) in re-building vignettes:
  --- re-building ‘pQTLdata.Rmd’ using rmarkdown
  Failed with error:  'there is no package called 'EnsDb.Hsapiens.v75''
  
  Quitting from pQTLdata.Rmd:125-153 [refdata]
  ~~~~~~~~~~~~~~~~~~~~~~~~~~~~~~~~~~~~~~~~~~~~~~~~~~~~~~~~~~~~~~~~~~~~~~~~~~~~~~~~
  <error/rlang_error>
  Error in `h()`:
  ! error in evaluating the argument 'x' in selecting a method for function 'metadata': object 'EnsDb.Hsapiens.v75' not found
  ---
  Backtrace:
      ▆
   1. ├─ensembldb::metadata(EnsDb.Hsapiens.v75)
   2. └─base::.handleSimpleError(...)
   3.   └─base (local) h(simpleError(msg, call))
  ~~~~~~~~~~~~~~~~~~~~~~~~~~~~~~~~~~~~~~~~~~~~~~~~~~~~~~~~~~~~~~~~~~~~~~~~~~~~~~~~
  
  Error: processing vignette 'pQTLdata.Rmd' failed with diagnostics:
  error in evaluating the argument 'x' in selecting a method for function 'metadata': object 'EnsDb.Hsapiens.v75' not found
  --- failed re-building ‘pQTLdata.Rmd’
  
  SUMMARY: processing the following file failed:
    ‘pQTLdata.Rmd’
  
  Error: Vignette re-building failed.
  Execution halted
Flavors: r-release-macos-x86_64, r-oldrel-macos-arm64, r-oldrel-macos-x86_64
Version: 0.5
Check: package dependencies
Result: NOTE
  Package suggested but not available for checking: ‘EnsDb.Hsapiens.v75’
Flavors: r-oldrel-macos-arm64, r-oldrel-macos-x86_64