Last updated on 2025-05-07 03:51:08 CEST.
Flavor | Version | Tinstall | Tcheck | Ttotal | Status | Flags |
---|---|---|---|---|---|---|
r-devel-linux-x86_64-debian-clang | 1.0 | 3.07 | 31.59 | 34.66 | OK | |
r-devel-linux-x86_64-debian-gcc | 1.0 | 2.15 | 24.83 | 26.98 | OK | |
r-devel-linux-x86_64-fedora-clang | 1.0 | 58.26 | OK | |||
r-devel-linux-x86_64-fedora-gcc | 1.0 | 67.56 | OK | |||
r-devel-windows-x86_64 | 1.0 | 5.00 | 54.00 | 59.00 | OK | |
r-patched-linux-x86_64 | 1.0 | 3.10 | 30.39 | 33.49 | OK | |
r-release-linux-x86_64 | 1.0 | 3.02 | 30.60 | 33.62 | OK | |
r-release-macos-arm64 | 1.0 | 38.00 | OK | |||
r-release-macos-x86_64 | 1.0 | 52.00 | OK | |||
r-release-windows-x86_64 | 1.0 | 5.00 | 55.00 | 60.00 | OK | |
r-oldrel-macos-arm64 | 1.0 | 27.00 | NOTE | |||
r-oldrel-macos-x86_64 | 1.0 | 40.00 | NOTE | |||
r-oldrel-windows-x86_64 | 1.0 | 5.00 | 63.00 | 68.00 | NOTE |
Version: 1.0
Check: LazyData
Result: NOTE
'LazyData' is specified without a 'data' directory
Flavors: r-oldrel-macos-arm64, r-oldrel-macos-x86_64, r-oldrel-windows-x86_64