CRAN Package Check Results for Package palette

Last updated on 2025-07-05 03:48:44 CEST.

Flavor Version Tinstall Tcheck Ttotal Status Flags
r-devel-linux-x86_64-debian-clang 0.0.2 3.42 36.36 39.78 NOTE
r-devel-linux-x86_64-debian-gcc 0.0.2 2.52 27.50 30.02 NOTE
r-devel-linux-x86_64-fedora-clang 0.0.2 62.27 NOTE
r-devel-linux-x86_64-fedora-gcc 0.0.2 54.73 NOTE
r-devel-windows-x86_64 0.0.2 5.00 53.00 58.00 NOTE
r-patched-linux-x86_64 0.0.2 3.48 32.55 36.03 NOTE
r-release-linux-x86_64 0.0.2 3.30 32.53 35.83 NOTE
r-release-macos-arm64 0.0.2 24.00 NOTE
r-release-macos-x86_64 0.0.2 40.00 NOTE
r-release-windows-x86_64 0.0.2 5.00 54.00 59.00 NOTE
r-oldrel-macos-arm64 0.0.2 26.00 OK
r-oldrel-macos-x86_64 0.0.2 31.00 OK
r-oldrel-windows-x86_64 0.0.2 7.00 62.00 69.00 OK

Check Details

Version: 0.0.2
Check: DESCRIPTION meta-information
Result: NOTE Missing dependency on R >= 4.1.0 because package code uses the pipe |> or function shorthand \(...) syntax added in R 4.1.0. File(s) using such syntax: ‘utils.R’ Flavors: r-devel-linux-x86_64-debian-clang, r-devel-linux-x86_64-debian-gcc, r-devel-linux-x86_64-fedora-clang, r-devel-linux-x86_64-fedora-gcc, r-devel-windows-x86_64, r-patched-linux-x86_64, r-release-linux-x86_64, r-release-macos-arm64, r-release-macos-x86_64, r-release-windows-x86_64