Last updated on 2025-07-04 03:50:33 CEST.
Flavor | Version | Tinstall | Tcheck | Ttotal | Status | Flags |
---|---|---|---|---|---|---|
r-devel-linux-x86_64-debian-clang | 2.7.7 | 9.65 | 179.69 | 189.34 | NOTE | |
r-devel-linux-x86_64-debian-gcc | 2.7.7 | 7.16 | 126.18 | 133.34 | NOTE | |
r-devel-linux-x86_64-fedora-clang | 2.7.7 | 293.68 | OK | |||
r-devel-linux-x86_64-fedora-gcc | 2.7.7 | 288.33 | OK | |||
r-devel-windows-x86_64 | 2.7.7 | 11.00 | 190.00 | 201.00 | NOTE | |
r-patched-linux-x86_64 | 2.7.7 | 9.54 | 169.22 | 178.76 | NOTE | |
r-release-linux-x86_64 | 2.7.7 | 10.36 | 170.54 | 180.90 | NOTE | |
r-release-macos-arm64 | 2.7.7 | 82.00 | OK | |||
r-release-macos-x86_64 | 2.7.7 | 173.00 | OK | |||
r-release-windows-x86_64 | 2.7.7 | 11.00 | 196.00 | 207.00 | NOTE | |
r-oldrel-macos-arm64 | 2.7.7 | 65.00 | OK | |||
r-oldrel-macos-x86_64 | 2.7.7 | 107.00 | OK | |||
r-oldrel-windows-x86_64 | 2.7.7 | 14.00 | 242.00 | 256.00 | OK |
Version: 2.7.7
Check: CRAN incoming feasibility
Result: NOTE
Maintainer: ‘Federico Rotolo <federico.rotolo@sanofi.com>’
Package CITATION file contains call(s) to old-style personList() or
as.personList(). Please use c() on person objects instead.
Package CITATION file contains call(s) to old-style citEntry(). Please
use bibentry() instead.
Flavors: r-devel-linux-x86_64-debian-clang, r-devel-linux-x86_64-debian-gcc
Version: 2.7.7
Check: Rd cross-references
Result: NOTE
Found the following Rd file(s) with Rd \link{} targets missing package
anchors:
parfm.Rd: Surv, optimx
select.parfm.Rd: Surv
Please provide package anchors for all Rd \link{} targets not in the
package itself and the base packages.
Flavors: r-devel-linux-x86_64-debian-clang, r-devel-linux-x86_64-debian-gcc, r-devel-windows-x86_64, r-patched-linux-x86_64, r-release-linux-x86_64, r-release-windows-x86_64