Last updated on 2025-05-04 03:51:01 CEST.
Flavor | Version | Tinstall | Tcheck | Ttotal | Status | Flags |
---|---|---|---|---|---|---|
r-devel-linux-x86_64-debian-clang | 0.9.0 | 1.74 | 16.91 | 18.65 | NOTE | |
r-devel-linux-x86_64-debian-gcc | 0.9.0 | 1.35 | 13.87 | 15.22 | NOTE | |
r-devel-linux-x86_64-fedora-clang | 0.9.0 | 30.00 | OK | |||
r-devel-linux-x86_64-fedora-gcc | 0.9.0 | 28.59 | OK | |||
r-devel-windows-x86_64 | 0.9.0 | 3.00 | 36.00 | 39.00 | OK | |
r-patched-linux-x86_64 | 0.9.0 | 1.65 | 16.58 | 18.23 | OK | |
r-release-linux-x86_64 | OK | |||||
r-release-macos-arm64 | 0.9.0 | 14.00 | OK | |||
r-release-macos-x86_64 | 0.9.0 | 25.00 | OK | |||
r-release-windows-x86_64 | 0.9.0 | 3.00 | 37.00 | 40.00 | OK | |
r-oldrel-macos-arm64 | 0.9.0 | 13.00 | OK | |||
r-oldrel-macos-x86_64 | 0.9.0 | 23.00 | OK | |||
r-oldrel-windows-x86_64 | 0.9.0 | 3.00 | 35.00 | 38.00 | OK |
Version: 0.9.0
Check: CRAN incoming feasibility
Result: NOTE
Maintainer: ‘Marco Chak Yan YU <marcocyyu@gmail.com>’
No Authors@R field in DESCRIPTION.
Please add one, modifying
Authors@R: person(given = c("Marco", "Chak", "Yan"),
family = "YU",
role = c("aut", "cre"),
email = "marcocyyu@gmail.com")
as necessary.
Flavors: r-devel-linux-x86_64-debian-clang, r-devel-linux-x86_64-debian-gcc