Last updated on 2025-10-31 02:50:38 CET.
| Flavor | Version | Tinstall | Tcheck | Ttotal | Status | Flags | 
|---|---|---|---|---|---|---|
| r-devel-linux-x86_64-debian-clang | 0.2.4 | 12.12 | 42.93 | 55.05 | NOTE | |
| r-devel-linux-x86_64-debian-gcc | 0.2.4 | 7.99 | 30.87 | 38.86 | NOTE | |
| r-devel-linux-x86_64-fedora-clang | 0.2.4 | 23.00 | 64.86 | 87.86 | OK | |
| r-devel-linux-x86_64-fedora-gcc | 0.2.4 | 28.00 | 50.12 | 78.12 | OK | |
| r-devel-windows-x86_64 | 0.2.4 | 14.00 | 75.00 | 89.00 | OK | |
| r-patched-linux-x86_64 | 0.2.4 | 12.03 | 39.55 | 51.58 | OK | |
| r-release-linux-x86_64 | 0.2.4 | 12.30 | 39.35 | 51.65 | OK | |
| r-release-macos-arm64 | 0.2.4 | 6.00 | 20.00 | 26.00 | OK | |
| r-release-macos-x86_64 | 0.2.4 | 9.00 | 37.00 | 46.00 | OK | |
| r-release-windows-x86_64 | 0.2.4 | 14.00 | 76.00 | 90.00 | OK | |
| r-oldrel-macos-arm64 | 0.2.4 | 6.00 | 19.00 | 25.00 | OK | |
| r-oldrel-macos-x86_64 | 0.2.4 | 8.00 | 27.00 | 35.00 | OK | |
| r-oldrel-windows-x86_64 | 0.2.4 | 14.00 | 92.00 | 106.00 | OK | 
Version: 0.2.4
Check: CRAN incoming feasibility
Result: NOTE
  Maintainer: ‘Christine Hohensinn <research@christinehohensinn.at>’
  
  No Authors@R field in DESCRIPTION.
  Please add one, modifying
    Authors@R: person(given = "Christine",
                      family = "Hohensinn",
                      role = c("cre", "aut"),
                      email = "research@christinehohensinn.at")
  as necessary.
Flavors: r-devel-linux-x86_64-debian-clang, r-devel-linux-x86_64-debian-gcc