CRAN Package Check Results for Package peakRAM

Last updated on 2025-07-24 03:50:07 CEST.

Flavor Version Tinstall Tcheck Ttotal Status Flags
r-devel-linux-x86_64-debian-clang 1.0.2 1.61 23.29 24.90 OK
r-devel-linux-x86_64-debian-gcc 1.0.2 1.37 20.48 21.85 OK
r-devel-linux-x86_64-fedora-clang 1.0.2 38.06 OK
r-devel-linux-x86_64-fedora-gcc 1.0.2 49.23 OK
r-devel-windows-x86_64 1.0.2 3.00 43.00 46.00 OK
r-patched-linux-x86_64 1.0.2 1.59 21.34 22.93 OK
r-release-linux-x86_64 1.0.2 1.51 21.35 22.86 OK
r-release-macos-arm64 1.0.2 21.00 OK
r-release-macos-x86_64 1.0.2 40.00 OK
r-release-windows-x86_64 1.0.2 4.00 45.00 49.00 OK
r-oldrel-macos-arm64 1.0.2 20.00 NOTE
r-oldrel-macos-x86_64 1.0.2 32.00 NOTE
r-oldrel-windows-x86_64 1.0.2 2.00 48.00 50.00 NOTE

Check Details

Version: 1.0.2
Check: LazyData
Result: NOTE 'LazyData' is specified without a 'data' directory Flavors: r-oldrel-macos-arm64, r-oldrel-macos-x86_64, r-oldrel-windows-x86_64