Last updated on 2025-10-31 02:50:38 CET.
| Flavor | Version | Tinstall | Tcheck | Ttotal | Status | Flags | 
|---|---|---|---|---|---|---|
| r-devel-linux-x86_64-debian-clang | 1.0.2 | 106.20 | 76.50 | 182.70 | WARN | |
| r-devel-linux-x86_64-debian-gcc | 1.0.2 | 62.27 | 60.58 | 122.85 | WARN | |
| r-devel-linux-x86_64-fedora-clang | 1.0.2 | 223.00 | 103.84 | 326.84 | NOTE | |
| r-devel-linux-x86_64-fedora-gcc | 1.0.2 | 167.00 | 116.89 | 283.89 | NOTE | |
| r-devel-windows-x86_64 | 1.0.2 | 121.00 | 100.00 | 221.00 | NOTE | |
| r-patched-linux-x86_64 | 1.0.2 | 105.39 | 69.52 | 174.91 | NOTE | |
| r-release-linux-x86_64 | 1.0.2 | 107.16 | 73.58 | 180.74 | NOTE | |
| r-release-macos-arm64 | 1.0.2 | 40.00 | 35.00 | 75.00 | NOTE | |
| r-release-macos-x86_64 | 1.0.2 | 47.00 | 70.00 | 117.00 | NOTE | |
| r-release-windows-x86_64 | 1.0.2 | 122.00 | 99.00 | 221.00 | NOTE | |
| r-oldrel-macos-arm64 | 1.0.2 | 45.00 | 31.00 | 76.00 | NOTE | |
| r-oldrel-macos-x86_64 | 1.0.2 | 36.00 | 49.00 | 85.00 | NOTE | |
| r-oldrel-windows-x86_64 | 1.0.2 | 147.00 | 124.00 | 271.00 | NOTE | 
Version: 1.0.2
Check: whether package can be installed
Result: WARN
  Found the following significant warnings:
    /home/hornik/tmp/R.check/r-devel-clang/Work/build/Packages/RcppArmadillo/include/RcppArmadillo/version/arma.h:66:17: warning: Using fallback compilation with Armadillo 14.6.3. Please consider defining -DARMA_USE_CURRENT and also removing C++11 compilation directive. See GitHub issue #475 for more. [-W#pragma-messages]
  See ‘/home/hornik/tmp/R.check/r-devel-clang/Work/PKGS/penPHcure.Rcheck/00install.out’ for details.
  * used C++ compiler: ‘Debian clang version 19.1.7 (7)’
Flavor: r-devel-linux-x86_64-debian-clang
Version: 1.0.2
Check: C++ specification
Result: NOTE
    Specified C++11: please drop specification unless essential
Flavors: r-devel-linux-x86_64-debian-clang, r-devel-linux-x86_64-debian-gcc, r-devel-linux-x86_64-fedora-clang, r-devel-linux-x86_64-fedora-gcc, r-devel-windows-x86_64, r-patched-linux-x86_64, r-release-linux-x86_64, r-release-macos-arm64, r-release-macos-x86_64, r-release-windows-x86_64, r-oldrel-macos-arm64, r-oldrel-macos-x86_64, r-oldrel-windows-x86_64
Version: 1.0.2
Check: whether package can be installed
Result: WARN
  Found the following significant warnings:
    /home/hornik/tmp/R.check/r-devel-gcc/Work/build/Packages/RcppArmadillo/include/RcppArmadillo/version/arma.h:66:199: note: ‘#pragma message: Using fallback compilation with Armadillo 14.6.3. Please consider defining -DARMA_USE_CURRENT and also removing C++11 compilation directive. See GitHub issue #475 for more.’
  See ‘/home/hornik/tmp/R.check/r-devel-gcc/Work/PKGS/penPHcure.Rcheck/00install.out’ for details.
  * used C++ compiler: ‘g++-15 (Debian 15.2.0-4) 15.2.0’
Flavor: r-devel-linux-x86_64-debian-gcc
Version: 1.0.2
Check: installed package size
Result: NOTE
    installed size is  5.9Mb
    sub-directories of 1Mb or more:
      libs   5.7Mb
Flavors: r-oldrel-macos-arm64, r-oldrel-macos-x86_64