Last updated on 2025-05-04 03:51:01 CEST.
Flavor | Version | Tinstall | Tcheck | Ttotal | Status | Flags |
---|---|---|---|---|---|---|
r-devel-linux-x86_64-debian-clang | 0.9-52 | 59.81 | 101.12 | 160.93 | NOTE | |
r-devel-linux-x86_64-debian-gcc | 0.9-52 | 44.13 | 72.86 | 116.99 | NOTE | |
r-devel-linux-x86_64-fedora-clang | 0.9-52 | 299.00 | NOTE | |||
r-devel-linux-x86_64-fedora-gcc | 0.9-52 | 303.12 | NOTE | |||
r-devel-windows-x86_64 | 0.9-52 | 66.00 | 154.00 | 220.00 | NOTE | |
r-patched-linux-x86_64 | 0.9-52 | 64.82 | 97.10 | 161.92 | NOTE | |
r-release-linux-x86_64 | NOTE | |||||
r-release-macos-arm64 | 0.9-52 | 89.00 | NOTE | |||
r-release-macos-x86_64 | 0.9-52 | 149.00 | NOTE | |||
r-release-windows-x86_64 | 0.9-52 | 68.00 | 143.00 | 211.00 | NOTE | |
r-oldrel-macos-arm64 | 0.9-52 | 80.00 | NOTE | |||
r-oldrel-macos-x86_64 | 0.9-52 | 138.00 | NOTE | |||
r-oldrel-windows-x86_64 | 0.9-52 | 81.00 | 163.00 | 244.00 | NOTE |
Version: 0.9-52
Check: CRAN incoming feasibility
Result: NOTE
Maintainer: ‘Jelle Goeman <j.j.goeman@lumc.nl>’
No Authors@R field in DESCRIPTION.
Please add one, modifying
Authors@R: c(person(given = "Jelle",
family = "Goeman",
role = c("aut", "cre"),
email = "j.j.goeman@lumc.nl"),
person(given = "Rosa",
family = "Meijer",
role = "aut"),
person(given = "Nimisha",
family = "Chaturvedi",
role = "aut"),
person(given = "Matthew",
family = "Lueder",
role = "aut"))
as necessary.
Package CITATION file contains call(s) to old-style personList() or
as.personList(). Please use c() on person objects instead.
Package CITATION file contains call(s) to old-style citEntry(). Please
use bibentry() instead.
Flavors: r-devel-linux-x86_64-debian-clang, r-devel-linux-x86_64-debian-gcc
Version: 0.9-52
Check: C++ specification
Result: NOTE
Specified C++11: please drop specification unless essential
Flavors: r-devel-linux-x86_64-debian-clang, r-devel-linux-x86_64-debian-gcc, r-devel-linux-x86_64-fedora-clang, r-devel-linux-x86_64-fedora-gcc, r-devel-windows-x86_64, r-patched-linux-x86_64, r-release-linux-x86_64, r-release-macos-arm64, r-release-macos-x86_64, r-release-windows-x86_64, r-oldrel-macos-arm64, r-oldrel-macos-x86_64, r-oldrel-windows-x86_64
Version: 0.9-52
Check: Rd files
Result: NOTE
checkRd: (-1) breslow.Rd:27: Escaped LaTeX specials: \# \#
Flavors: r-devel-linux-x86_64-debian-clang, r-devel-linux-x86_64-debian-gcc, r-devel-linux-x86_64-fedora-clang, r-devel-linux-x86_64-fedora-gcc, r-devel-windows-x86_64, r-patched-linux-x86_64, r-release-linux-x86_64, r-release-macos-arm64, r-release-macos-x86_64, r-release-windows-x86_64, r-oldrel-macos-arm64, r-oldrel-macos-x86_64, r-oldrel-windows-x86_64
Version: 0.9-52
Check: installed package size
Result: NOTE
installed size is 6.0Mb
sub-directories of 1Mb or more:
libs 5.1Mb
Flavors: r-oldrel-macos-arm64, r-oldrel-macos-x86_64