Last updated on 2025-05-04 03:51:01 CEST.
Flavor | Version | Tinstall | Tcheck | Ttotal | Status | Flags |
---|---|---|---|---|---|---|
r-devel-linux-x86_64-debian-clang | 1.6 | 6.73 | 59.19 | 65.92 | NOTE | |
r-devel-linux-x86_64-debian-gcc | 1.6 | 5.20 | 43.93 | 49.13 | NOTE | |
r-devel-linux-x86_64-fedora-clang | 1.6 | 102.37 | OK | |||
r-devel-linux-x86_64-fedora-gcc | 1.6 | 97.38 | OK | |||
r-devel-windows-x86_64 | 1.6 | 8.00 | 78.00 | 86.00 | OK | |
r-patched-linux-x86_64 | 1.6 | 6.43 | 56.56 | 62.99 | OK | |
r-release-linux-x86_64 | OK | |||||
r-release-macos-arm64 | 1.6 | 34.00 | OK | |||
r-release-macos-x86_64 | 1.6 | 64.00 | OK | |||
r-release-windows-x86_64 | 1.6 | 7.00 | 70.00 | 77.00 | OK | |
r-oldrel-macos-arm64 | 1.6 | 32.00 | NOTE | |||
r-oldrel-macos-x86_64 | 1.6 | 47.00 | NOTE | |||
r-oldrel-windows-x86_64 | 1.6 | 10.00 | 82.00 | 92.00 | NOTE |
Version: 1.6
Check: CRAN incoming feasibility
Result: NOTE
Maintainer: ‘Yang Feng <yangfengstat@gmail.com>’
The Description field contains
projection as introduced in Fan, Feng and Xia (2019)<arXiv:1501.01617>.
Please refer to arXiv e-prints via their arXiv DOI <doi:10.48550/arXiv.YYMM.NNNNN>.
Flavors: r-devel-linux-x86_64-debian-clang, r-devel-linux-x86_64-debian-gcc
Version: 1.6
Check: LazyData
Result: NOTE
'LazyData' is specified without a 'data' directory
Flavors: r-oldrel-macos-arm64, r-oldrel-macos-x86_64, r-oldrel-windows-x86_64