Last updated on 2025-10-30 02:49:09 CET.
| Flavor | Version | Tinstall | Tcheck | Ttotal | Status | Flags | 
|---|---|---|---|---|---|---|
| r-devel-linux-x86_64-debian-clang | 1.0.0 | 21.31 | 94.99 | 116.30 | WARN | |
| r-devel-linux-x86_64-debian-gcc | 1.0.0 | 14.33 | 63.75 | 78.08 | WARN | |
| r-devel-linux-x86_64-fedora-clang | 1.0.0 | 49.00 | 142.22 | 191.22 | NOTE | |
| r-devel-linux-x86_64-fedora-gcc | 1.0.0 | 115.00 | 100.81 | 215.81 | NOTE | |
| r-devel-windows-x86_64 | 1.0.0 | 28.00 | 127.00 | 155.00 | NOTE | |
| r-patched-linux-x86_64 | 1.0.0 | 20.58 | 91.30 | 111.88 | NOTE | |
| r-release-linux-x86_64 | 1.0.0 | 21.26 | 91.81 | 113.07 | NOTE | |
| r-release-macos-arm64 | 1.0.0 | 12.00 | 54.00 | 66.00 | NOTE | |
| r-release-macos-x86_64 | 1.0.0 | 15.00 | 113.00 | 128.00 | NOTE | |
| r-release-windows-x86_64 | 1.0.0 | 30.00 | 126.00 | 156.00 | NOTE | |
| r-oldrel-macos-arm64 | 1.0.0 | 9.00 | 45.00 | 54.00 | NOTE | |
| r-oldrel-macos-x86_64 | 1.0.0 | 12.00 | 75.00 | 87.00 | NOTE | |
| r-oldrel-windows-x86_64 | 1.0.0 | 33.00 | 161.00 | 194.00 | NOTE | 
Version: 1.0.0
Check: CRAN incoming feasibility
Result: NOTE
  Maintainer: ‘Philip Barrett <pobarrett@gmail.com>’
  
  No Authors@R field in DESCRIPTION.
  Please add one, modifying
    Authors@R: person(given = "Philip",
                      family = "Barrett",
                      role = c("aut", "cre"),
                      email = "pobarrett@gmail.com")
  as necessary.
Flavors: r-devel-linux-x86_64-debian-clang, r-devel-linux-x86_64-debian-gcc
Version: 1.0.0
Check: whether package can be installed
Result: WARN
  Found the following significant warnings:
    /home/hornik/tmp/R.check/r-devel-clang/Work/build/Packages/RcppArmadillo/include/RcppArmadillo/version/arma.h:66:17: warning: Using fallback compilation with Armadillo 14.6.3. Please consider defining -DARMA_USE_CURRENT and also removing C++11 compilation directive. See GitHub issue #475 for more. [-W#pragma-messages]
  See ‘/home/hornik/tmp/R.check/r-devel-clang/Work/PKGS/pgsc.Rcheck/00install.out’ for details.
  * used C++ compiler: ‘Debian clang version 19.1.7 (7)’
Flavor: r-devel-linux-x86_64-debian-clang
Version: 1.0.0
Check: C++ specification
Result: NOTE
    Specified C++11: please drop specification unless essential
Flavors: r-devel-linux-x86_64-debian-clang, r-devel-linux-x86_64-debian-gcc, r-devel-linux-x86_64-fedora-clang, r-devel-linux-x86_64-fedora-gcc, r-devel-windows-x86_64, r-patched-linux-x86_64, r-release-linux-x86_64, r-release-macos-arm64, r-release-macos-x86_64, r-release-windows-x86_64, r-oldrel-macos-arm64, r-oldrel-macos-x86_64, r-oldrel-windows-x86_64
Version: 1.0.0
Check: whether package can be installed
Result: WARN
  Found the following significant warnings:
    /home/hornik/tmp/R.check/r-devel-gcc/Work/build/Packages/RcppArmadillo/include/RcppArmadillo/version/arma.h:66:199: note: ‘#pragma message: Using fallback compilation with Armadillo 14.6.3. Please consider defining -DARMA_USE_CURRENT and also removing C++11 compilation directive. See GitHub issue #475 for more.’
  See ‘/home/hornik/tmp/R.check/r-devel-gcc/Work/PKGS/pgsc.Rcheck/00install.out’ for details.
  * used C++ compiler: ‘g++-15 (Debian 15.2.0-4) 15.2.0’
Flavor: r-devel-linux-x86_64-debian-gcc