Last updated on 2025-05-04 03:51:01 CEST.
Flavor | Version | Tinstall | Tcheck | Ttotal | Status | Flags |
---|---|---|---|---|---|---|
r-devel-linux-x86_64-debian-clang | 0.1.4 | 9.73 | 32.84 | 42.57 | NOTE | |
r-devel-linux-x86_64-debian-gcc | 0.1.4 | 6.40 | 24.24 | 30.64 | NOTE | |
r-devel-linux-x86_64-fedora-clang | 0.1.4 | 74.66 | NOTE | |||
r-devel-linux-x86_64-fedora-gcc | 0.1.4 | 70.20 | NOTE | |||
r-devel-windows-x86_64 | 0.1.4 | 14.00 | 75.00 | 89.00 | OK | |
r-patched-linux-x86_64 | 0.1.4 | 9.66 | 31.03 | 40.69 | NOTE | |
r-release-linux-x86_64 | NOTE | |||||
r-release-macos-arm64 | 0.1.4 | 24.00 | OK | |||
r-release-macos-x86_64 | 0.1.4 | 37.00 | OK | |||
r-release-windows-x86_64 | 0.1.4 | 13.00 | 70.00 | 83.00 | OK | |
r-oldrel-macos-arm64 | 0.1.4 | 23.00 | NOTE | |||
r-oldrel-macos-x86_64 | 0.1.4 | 35.00 | NOTE | |||
r-oldrel-windows-x86_64 | 0.1.4 | 16.00 | 79.00 | 95.00 | NOTE |
Version: 0.1.4
Check: CRAN incoming feasibility
Result: NOTE
Maintainer: ‘Yalin Zhu <yalin.zhu@outlook.com>’
No Authors@R field in DESCRIPTION.
Please add one, modifying
Authors@R: c(person(given = "Yalin",
family = "Zhu",
role = c("aut", "cre"),
email = "yalin.zhu@outlook.com"),
person(given = "Rui",
family = "Qin",
role = "aut"))
as necessary.
Flavors: r-devel-linux-x86_64-debian-clang, r-devel-linux-x86_64-debian-gcc
Version: 0.1.4
Check: for non-standard things in the check directory
Result: NOTE
Found the following files/directories:
‘animation.gif’
Flavors: r-devel-linux-x86_64-debian-clang, r-devel-linux-x86_64-debian-gcc, r-devel-linux-x86_64-fedora-clang, r-devel-linux-x86_64-fedora-gcc, r-patched-linux-x86_64, r-release-linux-x86_64
Version: 0.1.4
Check: compiled code
Result: NOTE
File ‘ph2bye/libs/ph2bye.so’:
Found no calls to: ‘R_registerRoutines’, ‘R_useDynamicSymbols’
It is good practice to register native routines and to disable symbol
search.
See ‘Writing portable packages’ in the ‘Writing R Extensions’ manual.
Flavors: r-devel-linux-x86_64-fedora-clang, r-devel-linux-x86_64-fedora-gcc
Version: 0.1.4
Check: LazyData
Result: NOTE
'LazyData' is specified without a 'data' directory
Flavors: r-oldrel-macos-arm64, r-oldrel-macos-x86_64, r-oldrel-windows-x86_64