Last updated on 2025-05-06 03:51:11 CEST.
Flavor | Version | Tinstall | Tcheck | Ttotal | Status | Flags |
---|---|---|---|---|---|---|
r-devel-linux-x86_64-debian-clang | 1.1.0 | 7.06 | 57.20 | 64.26 | NOTE | |
r-devel-linux-x86_64-debian-gcc | 1.1.0 | 4.85 | 40.03 | 44.88 | NOTE | |
r-devel-linux-x86_64-fedora-clang | 1.1.0 | 94.57 | NOTE | |||
r-devel-linux-x86_64-fedora-gcc | 1.1.0 | 93.88 | NOTE | |||
r-devel-windows-x86_64 | 1.1.0 | 9.00 | 69.00 | 78.00 | NOTE | |
r-patched-linux-x86_64 | 1.1.0 | 7.03 | 51.39 | 58.42 | NOTE | |
r-release-linux-x86_64 | 1.1.0 | 6.98 | 51.55 | 58.53 | NOTE | |
r-release-macos-arm64 | 1.1.0 | 29.00 | NOTE | |||
r-release-macos-x86_64 | 1.1.0 | 48.00 | NOTE | |||
r-release-windows-x86_64 | 1.1.0 | 11.00 | 69.00 | 80.00 | NOTE | |
r-oldrel-macos-arm64 | 1.1.0 | 28.00 | OK | |||
r-oldrel-macos-x86_64 | 1.1.0 | 66.00 | OK | |||
r-oldrel-windows-x86_64 | 1.1.0 | 11.00 | 81.00 | 92.00 | OK |
Version: 1.1.0
Check: DESCRIPTION meta-information
Result: NOTE
Missing dependency on R >= 4.1.0 because package code uses the pipe
|> or function shorthand \(...) syntax added in R 4.1.0.
File(s) using such syntax:
‘piecenorm.R’
Flavors: r-devel-linux-x86_64-debian-clang, r-devel-linux-x86_64-debian-gcc, r-devel-linux-x86_64-fedora-clang, r-devel-linux-x86_64-fedora-gcc, r-devel-windows-x86_64, r-patched-linux-x86_64, r-release-linux-x86_64, r-release-macos-arm64, r-release-macos-x86_64, r-release-windows-x86_64