CRAN Package Check Results for Package piton

Last updated on 2025-05-07 03:51:09 CEST.

Flavor Version Tinstall Tcheck Ttotal Status Flags
r-devel-linux-x86_64-debian-clang 1.0.0 10.30 23.14 33.44 NOTE
r-devel-linux-x86_64-debian-gcc 1.0.0 6.98 18.90 25.88 NOTE
r-devel-linux-x86_64-fedora-clang 1.0.0 59.20 NOTE
r-devel-linux-x86_64-fedora-gcc 1.0.0 56.24 NOTE
r-devel-windows-x86_64 1.0.0 17.00 62.00 79.00 NOTE
r-patched-linux-x86_64 1.0.0 9.38 22.18 31.56 NOTE
r-release-linux-x86_64 1.0.0 10.06 22.25 32.31 NOTE
r-release-macos-arm64 1.0.0 26.00 NOTE
r-release-macos-x86_64 1.0.0 41.00 NOTE
r-release-windows-x86_64 1.0.0 20.00 72.00 92.00 NOTE
r-oldrel-macos-arm64 1.0.0 20.00 NOTE
r-oldrel-macos-x86_64 1.0.0 45.00 NOTE
r-oldrel-windows-x86_64 1.0.0 20.00 69.00 89.00 NOTE

Check Details

Version: 1.0.0
Check: CRAN incoming feasibility
Result: NOTE Maintainer: ‘Os Keyes <ironholds@gmail.com>’ No Authors@R field in DESCRIPTION. Please add one, modifying Authors@R: c(person(given = "Os", family = "Keyes", role = c("aut", "cre"), email = "ironholds@gmail.com"), person(given = "Duncan", family = "Garmonsway", role = "ctb"), person(given = "Colin", family = "Hirsch", role = "cph"), person(given = "Daniel", family = "Frey", role = "cph")) as necessary. Flavors: r-devel-linux-x86_64-debian-clang, r-devel-linux-x86_64-debian-gcc

Version: 1.0.0
Check: C++ specification
Result: NOTE Specified C++11: please drop specification unless essential Flavors: r-devel-linux-x86_64-debian-clang, r-devel-linux-x86_64-debian-gcc, r-devel-linux-x86_64-fedora-clang, r-devel-linux-x86_64-fedora-gcc, r-devel-windows-x86_64, r-patched-linux-x86_64, r-release-linux-x86_64, r-release-macos-arm64, r-release-macos-x86_64, r-release-windows-x86_64, r-oldrel-macos-arm64, r-oldrel-macos-x86_64, r-oldrel-windows-x86_64

Version: 1.0.0
Check: LazyData
Result: NOTE 'LazyData' is specified without a 'data' directory Flavors: r-oldrel-macos-arm64, r-oldrel-macos-x86_64, r-oldrel-windows-x86_64