CRAN Package Check Results for Package plan

Last updated on 2025-05-06 03:51:11 CEST.

Flavor Version Tinstall Tcheck Ttotal Status Flags
r-devel-linux-x86_64-debian-clang 0.4-5 3.21 33.44 36.65 NOTE
r-devel-linux-x86_64-debian-gcc 0.4-5 2.23 26.22 28.45 NOTE
r-devel-linux-x86_64-fedora-clang 0.4-5 57.59 OK
r-devel-linux-x86_64-fedora-gcc 0.4-5 69.77 OK
r-devel-windows-x86_64 0.4-5 4.00 56.00 60.00 OK
r-patched-linux-x86_64 0.4-5 3.31 32.22 35.53 OK
r-release-linux-x86_64 0.4-5 2.98 32.51 35.49 OK
r-release-macos-arm64 0.4-5 30.00 OK
r-release-macos-x86_64 0.4-5 47.00 OK
r-release-windows-x86_64 0.4-5 5.00 60.00 65.00 OK
r-oldrel-macos-arm64 0.4-5 30.00 OK
r-oldrel-macos-x86_64 0.4-5 39.00 OK
r-oldrel-windows-x86_64 0.4-5 5.00 62.00 67.00 OK

Check Details

Version: 0.4-5
Check: CRAN incoming feasibility
Result: NOTE Maintainer: ‘Dan Kelley <Dan.Kelley@Dal.Ca>’ No Authors@R field in DESCRIPTION. Please add one, modifying Authors@R: c(person(given = "Dan", family = "Kelley", role = c("aut", "cre"), email = "Dan.Kelley@Dal.Ca"), person(given = "Frank", family = "Schmitt", role = "aut", email = "frankschmitt@gmx.de")) as necessary. Flavors: r-devel-linux-x86_64-debian-clang, r-devel-linux-x86_64-debian-gcc