Last updated on 2025-05-04 03:51:02 CEST.
Flavor | Version | Tinstall | Tcheck | Ttotal | Status | Flags |
---|---|---|---|---|---|---|
r-devel-linux-x86_64-debian-clang | 1.0.4 | 5.12 | 43.10 | 48.22 | NOTE | |
r-devel-linux-x86_64-debian-gcc | 1.0.4 | 4.79 | 34.48 | 39.27 | NOTE | |
r-devel-linux-x86_64-fedora-clang | 1.0.4 | 81.64 | OK | |||
r-devel-linux-x86_64-fedora-gcc | 1.0.4 | 76.85 | OK | |||
r-devel-windows-x86_64 | 1.0.4 | 7.00 | 71.00 | 78.00 | NOTE | |
r-patched-linux-x86_64 | 1.0.4 | 5.55 | 41.71 | 47.26 | NOTE | |
r-release-linux-x86_64 | NOTE | |||||
r-release-macos-arm64 | 1.0.4 | 54.00 | OK | |||
r-release-macos-x86_64 | 1.0.4 | 52.00 | OK | |||
r-release-windows-x86_64 | 1.0.4 | 8.00 | 60.00 | 68.00 | NOTE | |
r-oldrel-macos-arm64 | 1.0.4 | 31.00 | OK | |||
r-oldrel-macos-x86_64 | 1.0.4 | 39.00 | OK | |||
r-oldrel-windows-x86_64 | 1.0.4 | 8.00 | 66.00 | 74.00 | OK |
Version: 1.0.4
Check: CRAN incoming feasibility
Result: NOTE
Maintainer: ‘Karline Soetaert <karline.soetaert@nioz.nl>’
No Authors@R field in DESCRIPTION.
Please add one, modifying
Authors@R: person(given = "Karline",
family = "Soetaert",
role = c("aut", "cre"),
email = "karline.soetaert@nioz.nl")
as necessary.
Flavors: r-devel-linux-x86_64-debian-clang, r-devel-linux-x86_64-debian-gcc
Version: 1.0.4
Check: Rd cross-references
Result: NOTE
Found the following Rd file(s) with Rd \link{} targets missing package
anchors:
cutrgl.Rd: par3d, open3d, material3d, plotdev
imagergl.Rd: contour2D, colkey, persp3D, perspbox, image3D,
contour3D, scatter3D, arrows3D, segments3D, text3D, image2D,
scatter2D, segments2D, text2D, arrows2D
persp3Drgl.Rd: persp3D, ribbon3D, hist3D, scatter3D, points3D,
lines3D, segments3D, slice3D, slicecont3D, isosurf3D, voxel3D,
surf3D, spheresurf3D, box3D, border3D, rect3D, perspbox, plotdev
plotrgl.Rd: material3d, par3d, open3d, arrows3D, scatter3D, plotdev,
persp3D, slice3D, surf3D
Please provide package anchors for all Rd \link{} targets not in the
package itself and the base packages.
Flavors: r-devel-linux-x86_64-debian-clang, r-devel-linux-x86_64-debian-gcc, r-devel-windows-x86_64, r-patched-linux-x86_64, r-release-linux-x86_64, r-release-windows-x86_64