Last updated on 2025-05-06 03:51:11 CEST.
Flavor | Version | Tinstall | Tcheck | Ttotal | Status | Flags |
---|---|---|---|---|---|---|
r-devel-linux-x86_64-debian-clang | 0.3.0 | 29.29 | 193.83 | 223.12 | NOTE | |
r-devel-linux-x86_64-debian-gcc | 0.3.0 | 18.82 | 128.98 | 147.80 | NOTE | |
r-devel-linux-x86_64-fedora-clang | 0.3.0 | 344.43 | OK | |||
r-devel-linux-x86_64-fedora-gcc | 0.3.0 | 336.39 | OK | |||
r-devel-windows-x86_64 | 0.3.0 | 32.00 | 185.00 | 217.00 | NOTE | |
r-patched-linux-x86_64 | 0.3.0 | 30.67 | 179.45 | 210.12 | NOTE | |
r-release-linux-x86_64 | 0.3.0 | 26.13 | 178.43 | 204.56 | NOTE | |
r-release-macos-arm64 | 0.3.0 | 98.00 | OK | |||
r-release-macos-x86_64 | 0.3.0 | 176.00 | OK | |||
r-release-windows-x86_64 | 0.3.0 | 29.00 | 183.00 | 212.00 | NOTE | |
r-oldrel-macos-arm64 | 0.3.0 | 90.00 | OK | |||
r-oldrel-macos-x86_64 | 0.3.0 | 149.00 | OK | |||
r-oldrel-windows-x86_64 | 0.3.0 | 40.00 | 230.00 | 270.00 | OK |
Version: 0.3.0
Check: Rd cross-references
Result: NOTE
Found the following Rd file(s) with Rd \link{} targets missing package
anchors:
PLS_beta_wvc.Rd: PLS_glm_kfoldcv_formula, PLS_lm_wvc
Please provide package anchors for all Rd \link{} targets not in the
package itself and the base packages.
Flavors: r-devel-linux-x86_64-debian-clang, r-devel-linux-x86_64-debian-gcc, r-devel-windows-x86_64, r-patched-linux-x86_64, r-release-linux-x86_64, r-release-windows-x86_64