Last updated on 2025-05-04 03:51:02 CEST.
Flavor | Version | Tinstall | Tcheck | Ttotal | Status | Flags |
---|---|---|---|---|---|---|
r-devel-linux-x86_64-debian-clang | 1.5.1 | 32.02 | 207.68 | 239.70 | NOTE | |
r-devel-linux-x86_64-debian-gcc | 1.5.1 | 17.58 | 138.54 | 156.12 | NOTE | |
r-devel-linux-x86_64-fedora-clang | 1.5.1 | 380.26 | OK | |||
r-devel-linux-x86_64-fedora-gcc | 1.5.1 | 366.55 | OK | |||
r-devel-windows-x86_64 | 1.5.1 | 31.00 | 206.00 | 237.00 | NOTE | |
r-patched-linux-x86_64 | 1.5.1 | 32.28 | 193.95 | 226.23 | NOTE | |
r-release-linux-x86_64 | NOTE | |||||
r-release-macos-arm64 | 1.5.1 | 92.00 | OK | |||
r-release-macos-x86_64 | 1.5.1 | 194.00 | OK | |||
r-release-windows-x86_64 | 1.5.1 | 32.00 | 200.00 | 232.00 | NOTE | |
r-oldrel-macos-arm64 | 1.5.1 | 90.00 | OK | |||
r-oldrel-macos-x86_64 | 1.5.1 | 144.00 | OK | |||
r-oldrel-windows-x86_64 | 1.5.1 | 39.00 | 262.00 | 301.00 | OK |
Version: 1.5.1
Check: CRAN incoming feasibility
Result: NOTE
Maintainer: ‘Frederic Bertrand <frederic.bertrand@utt.fr>’
The Description field contains
various criteria <arXiv:1810.01005>. It allows for missing data in the
Please refer to arXiv e-prints via their arXiv DOI <doi:10.48550/arXiv.YYMM.NNNNN>.
Flavors: r-devel-linux-x86_64-debian-clang, r-devel-linux-x86_64-debian-gcc
Version: 1.5.1
Check: Rd cross-references
Result: NOTE
Found the following Rd file(s) with Rd \link{} targets missing package
anchors:
signpred.Rd: visweb
Please provide package anchors for all Rd \link{} targets not in the
package itself and the base packages.
Flavors: r-devel-linux-x86_64-debian-clang, r-devel-linux-x86_64-debian-gcc, r-devel-windows-x86_64, r-patched-linux-x86_64, r-release-linux-x86_64, r-release-windows-x86_64
Version: 1.5.1
Check: for unstated dependencies in ‘demo’
Result: NOTE
'library' or 'require' calls not declared from:
‘plsRcox’ ‘plspm’
Flavors: r-devel-linux-x86_64-debian-clang, r-devel-linux-x86_64-debian-gcc, r-patched-linux-x86_64, r-release-linux-x86_64