Last updated on 2025-05-06 03:51:11 CEST.
Flavor | Version | Tinstall | Tcheck | Ttotal | Status | Flags |
---|---|---|---|---|---|---|
r-devel-linux-x86_64-debian-clang | 0.6.10 | 5.04 | 29.47 | 34.51 | NOTE | |
r-devel-linux-x86_64-debian-gcc | 0.6.10 | 3.23 | 23.25 | 26.48 | NOTE | |
r-devel-linux-x86_64-fedora-clang | 0.6.10 | 54.04 | OK | |||
r-devel-linux-x86_64-fedora-gcc | 0.6.10 | 51.14 | OK | |||
r-devel-windows-x86_64 | 0.6.10 | 5.00 | 57.00 | 62.00 | OK | |
r-patched-linux-x86_64 | 0.6.10 | 5.02 | 28.11 | 33.13 | OK | |
r-release-linux-x86_64 | 0.6.10 | 4.55 | 28.30 | 32.85 | OK | |
r-release-macos-arm64 | 0.6.10 | 20.00 | OK | |||
r-release-macos-x86_64 | 0.6.10 | 32.00 | OK | |||
r-release-windows-x86_64 | 0.6.10 | 7.00 | 59.00 | 66.00 | OK | |
r-oldrel-macos-arm64 | 0.6.10 | 21.00 | OK | |||
r-oldrel-macos-x86_64 | 0.6.10 | 32.00 | OK | |||
r-oldrel-windows-x86_64 | 0.6.10 | 6.00 | 61.00 | 67.00 | OK |
Version: 0.6.10
Check: CRAN incoming feasibility
Result: NOTE
Maintainer: ‘Michael Lawrence <michafla@gene.com>’
No Authors@R field in DESCRIPTION.
Please add one, modifying
Authors@R: c(person(given = "Michael",
family = "Lawrence",
role = c("aut", "cre"),
email = "michafla@gene.com"),
person(given = "Hadley",
family = "Wickham",
role = "aut"))
as necessary.
Flavors: r-devel-linux-x86_64-debian-clang, r-devel-linux-x86_64-debian-gcc