Last updated on 2025-05-07 03:51:09 CEST.
Flavor | Version | Tinstall | Tcheck | Ttotal | Status | Flags |
---|---|---|---|---|---|---|
r-devel-linux-x86_64-debian-clang | 0.1-8 | 2.66 | 16.43 | 19.09 | NOTE | |
r-devel-linux-x86_64-debian-gcc | 0.1-8 | 2.19 | 13.79 | 15.98 | NOTE | |
r-devel-linux-x86_64-fedora-clang | 0.1-8 | 31.21 | OK | |||
r-devel-linux-x86_64-fedora-gcc | 0.1-8 | 30.50 | OK | |||
r-devel-windows-x86_64 | 0.1-8 | 14.00 | 41.00 | 55.00 | OK | |
r-patched-linux-x86_64 | 0.1-8 | 2.50 | 15.98 | 18.48 | OK | |
r-release-linux-x86_64 | 0.1-8 | 2.34 | 16.05 | 18.39 | OK | |
r-release-macos-arm64 | 0.1-8 | 17.00 | OK | |||
r-release-macos-x86_64 | 0.1-8 | 32.00 | OK | |||
r-release-windows-x86_64 | 0.1-8 | 20.00 | 43.00 | 63.00 | OK | |
r-oldrel-macos-arm64 | 0.1-8 | 21.00 | OK | |||
r-oldrel-macos-x86_64 | 0.1-8 | 22.00 | OK | |||
r-oldrel-windows-x86_64 | 0.1-8 | 16.00 | 39.00 | 55.00 | OK |
Version: 0.1-8
Check: CRAN incoming feasibility
Result: NOTE
Maintainer: ‘Simon Urbanek <Simon.Urbanek@r-project.org>’
No Authors@R field in DESCRIPTION.
Please add one, modifying
Authors@R: person(given = "Simon",
family = "Urbanek",
role = c("aut", "cre"),
email = "Simon.Urbanek@r-project.org")
as necessary.
Flavors: r-devel-linux-x86_64-debian-clang, r-devel-linux-x86_64-debian-gcc