Last updated on 2025-05-06 03:51:11 CEST.
Flavor | Version | Tinstall | Tcheck | Ttotal | Status | Flags |
---|---|---|---|---|---|---|
r-devel-linux-x86_64-debian-clang | 0.82.0 | 5.34 | 56.53 | 61.87 | NOTE | |
r-devel-linux-x86_64-debian-gcc | 0.82.0 | 3.92 | 40.93 | 44.85 | NOTE | |
r-devel-linux-x86_64-fedora-clang | 0.82.0 | 94.35 | OK | |||
r-devel-linux-x86_64-fedora-gcc | 0.82.0 | 102.70 | OK | |||
r-devel-windows-x86_64 | 0.82.0 | 7.00 | 69.00 | 76.00 | OK | |
r-patched-linux-x86_64 | 0.82.0 | 4.40 | 50.85 | 55.25 | OK | |
r-release-linux-x86_64 | 0.82.0 | 4.86 | 51.21 | 56.07 | OK | |
r-release-macos-arm64 | 0.82.0 | 41.00 | OK | |||
r-release-macos-x86_64 | 0.82.0 | 63.00 | OK | |||
r-release-windows-x86_64 | 0.82.0 | 8.00 | 70.00 | 78.00 | OK | |
r-oldrel-macos-arm64 | 0.82.0 | 35.00 | OK | |||
r-oldrel-macos-x86_64 | 0.82.0 | 54.00 | OK | |||
r-oldrel-windows-x86_64 | 0.82.0 | 8.00 | 84.00 | 92.00 | OK |
Version: 0.82.0
Check: CRAN incoming feasibility
Result: NOTE
Maintainer: ‘Jakub Nowosad <nowosad.jakub@gmail.com>’
Package CITATION file contains call(s) to old-style citEntry(). Please
use bibentry() instead.
Flavors: r-devel-linux-x86_64-debian-clang, r-devel-linux-x86_64-debian-gcc