Last updated on 2025-05-07 03:51:10 CEST.
Flavor | Version | Tinstall | Tcheck | Ttotal | Status | Flags |
---|---|---|---|---|---|---|
r-devel-linux-x86_64-debian-clang | 1.0.0 | 4.08 | 42.53 | 46.61 | NOTE | |
r-devel-linux-x86_64-debian-gcc | 1.0.0 | 3.05 | 29.26 | 32.31 | NOTE | |
r-devel-linux-x86_64-fedora-clang | 1.0.0 | 67.74 | NOTE | |||
r-devel-linux-x86_64-fedora-gcc | 1.0.0 | 59.40 | NOTE | |||
r-devel-windows-x86_64 | 1.0.0 | 6.00 | 59.00 | 65.00 | NOTE | |
r-patched-linux-x86_64 | 1.0.0 | 4.44 | 34.91 | 39.35 | NOTE | |
r-release-linux-x86_64 | 1.0.0 | 3.72 | 34.64 | 38.36 | NOTE | |
r-release-macos-arm64 | 1.0.0 | 26.00 | NOTE | |||
r-release-macos-x86_64 | 1.0.0 | 43.00 | NOTE | |||
r-release-windows-x86_64 | 1.0.0 | 7.00 | 59.00 | 66.00 | NOTE | |
r-oldrel-macos-arm64 | 1.0.0 | 22.00 | NOTE | |||
r-oldrel-macos-x86_64 | 1.0.0 | 35.00 | NOTE | |||
r-oldrel-windows-x86_64 | 1.0.0 | 7.00 | 67.00 | 74.00 | NOTE |
Version: 1.0.0
Check: Rd files
Result: NOTE
checkRd: (-1) stat_quantile_prob.Rd:14: Lost braces; missing escapes or markup?
14 | Number {25, 50, 75}
| ^
Flavors: r-devel-linux-x86_64-debian-clang, r-devel-linux-x86_64-debian-gcc, r-devel-linux-x86_64-fedora-clang, r-devel-linux-x86_64-fedora-gcc, r-devel-windows-x86_64, r-patched-linux-x86_64, r-release-linux-x86_64, r-release-macos-arm64, r-release-macos-x86_64, r-release-windows-x86_64, r-oldrel-macos-arm64, r-oldrel-macos-x86_64, r-oldrel-windows-x86_64