Last updated on 2025-10-31 02:50:39 CET.
| Flavor | Version | Tinstall | Tcheck | Ttotal | Status | Flags | 
|---|---|---|---|---|---|---|
| r-devel-linux-x86_64-debian-clang | 3.8.0 | 15.29 | 230.87 | 246.16 | NOTE | |
| r-devel-linux-x86_64-debian-gcc | 3.8.0 | 11.73 | 163.46 | 175.19 | NOTE | |
| r-devel-linux-x86_64-fedora-clang | 3.8.0 | 34.00 | 321.27 | 355.27 | NOTE | |
| r-devel-linux-x86_64-fedora-gcc | 3.8.0 | 30.00 | 323.88 | 353.88 | NOTE | |
| r-devel-windows-x86_64 | 3.8.0 | 16.00 | 212.00 | 228.00 | NOTE | |
| r-patched-linux-x86_64 | 3.8.0 | 14.15 | 203.28 | 217.43 | NOTE | |
| r-release-linux-x86_64 | 3.8.0 | 14.19 | 202.26 | 216.45 | NOTE | |
| r-release-macos-arm64 | 3.8.0 | 7.00 | 133.00 | 140.00 | NOTE | |
| r-release-macos-x86_64 | 3.8.0 | 12.00 | 211.00 | 223.00 | NOTE | |
| r-release-windows-x86_64 | 3.8.0 | 15.00 | 214.00 | 229.00 | NOTE | |
| r-oldrel-macos-arm64 | 3.8.0 | 7.00 | 123.00 | 130.00 | NOTE | |
| r-oldrel-macos-x86_64 | 3.8.0 | 9.00 | 176.00 | 185.00 | NOTE | |
| r-oldrel-windows-x86_64 | 3.8.0 | 21.00 | 275.00 | 296.00 | NOTE | 
Version: 3.8.0
Check: CRAN incoming feasibility
Result: NOTE
  Maintainer: ‘Seyma Kalay <seymakalay@hotmail.com>’
  
  No Authors@R field in DESCRIPTION.
  Please add one, modifying
    Authors@R: person(given = "Seyma",
                      family = "Kalay",
                      role = c("aut", "cre"),
                      email = "seymakalay@hotmail.com")
  as necessary.
Flavors: r-devel-linux-x86_64-debian-clang, r-devel-linux-x86_64-debian-gcc
Version: 3.8.0
Check: Rd files
Result: NOTE
  checkRd: (-1) MLM_Model.Rd:31: Lost braces; missing escapes or markup?
      31 |   the weight vectors \bold{{w}^{i}} corresponds to class \eqn{i}{i}.
         |                                ^
  checkRd: (-1) MLM_Model.Rd:33: Lost braces; missing escapes or markup?
      33 | We set \eqn{{\bold{{w}}^{h}} = 0} and the parameters to be learned are the weight vectors \bold{{w}^{i}}
         |                                                                                                     ^
Flavors: r-devel-linux-x86_64-debian-clang, r-devel-linux-x86_64-debian-gcc, r-devel-linux-x86_64-fedora-clang, r-devel-linux-x86_64-fedora-gcc, r-devel-windows-x86_64, r-patched-linux-x86_64, r-release-linux-x86_64, r-release-macos-arm64, r-release-macos-x86_64, r-release-windows-x86_64, r-oldrel-macos-arm64, r-oldrel-macos-x86_64, r-oldrel-windows-x86_64