Last updated on 2025-05-06 03:51:11 CEST.
Flavor | Version | Tinstall | Tcheck | Ttotal | Status | Flags |
---|---|---|---|---|---|---|
r-devel-linux-x86_64-debian-clang | 0.2.1 | 5.64 | 300.13 | 305.77 | NOTE | |
r-devel-linux-x86_64-debian-gcc | 0.2.1 | 3.37 | 168.85 | 172.22 | NOTE | |
r-devel-linux-x86_64-fedora-clang | 0.2.1 | 485.97 | NOTE | |||
r-devel-linux-x86_64-fedora-gcc | 0.2.1 | 526.18 | NOTE | |||
r-devel-windows-x86_64 | 0.2.1 | 7.00 | 221.00 | 228.00 | NOTE | |
r-patched-linux-x86_64 | 0.2.1 | 5.50 | 271.55 | 277.05 | NOTE | |
r-release-linux-x86_64 | 0.2.1 | 5.39 | 268.95 | 274.34 | NOTE | |
r-release-macos-arm64 | 0.2.1 | 92.00 | NOTE | |||
r-release-macos-x86_64 | 0.2.1 | 241.00 | NOTE | |||
r-release-windows-x86_64 | 0.2.1 | 7.00 | 213.00 | 220.00 | NOTE | |
r-oldrel-macos-arm64 | 0.2.1 | 118.00 | OK | |||
r-oldrel-macos-x86_64 | 0.2.1 | 231.00 | OK | |||
r-oldrel-windows-x86_64 | 0.2.1 | 9.00 | 426.00 | 435.00 | OK |
Version: 0.2.1
Check: DESCRIPTION meta-information
Result: NOTE
Missing dependency on R >= 4.1.0 because package code uses the pipe
|> or function shorthand \(...) syntax added in R 4.1.0.
File(s) using such syntax:
‘save.R’
Flavors: r-devel-linux-x86_64-debian-clang, r-devel-linux-x86_64-debian-gcc, r-devel-linux-x86_64-fedora-clang, r-devel-linux-x86_64-fedora-gcc, r-devel-windows-x86_64, r-patched-linux-x86_64, r-release-linux-x86_64, r-release-macos-arm64, r-release-macos-x86_64, r-release-windows-x86_64