Last updated on 2025-07-04 03:50:34 CEST.
Flavor | Version | Tinstall | Tcheck | Ttotal | Status | Flags |
---|---|---|---|---|---|---|
r-devel-linux-x86_64-debian-clang | 0.2.1 | 5.66 | 299.53 | 305.19 | NOTE | |
r-devel-linux-x86_64-debian-gcc | 0.2.1 | 3.42 | 169.23 | 172.65 | NOTE | |
r-devel-linux-x86_64-fedora-clang | 0.2.1 | 513.67 | NOTE | |||
r-devel-linux-x86_64-fedora-gcc | 0.2.1 | 527.52 | NOTE | |||
r-devel-windows-x86_64 | 0.2.1 | 7.00 | 211.00 | 218.00 | NOTE | |
r-patched-linux-x86_64 | 0.2.1 | 5.68 | 268.20 | 273.88 | NOTE | |
r-release-linux-x86_64 | 0.2.1 | 5.18 | 268.38 | 273.56 | NOTE | |
r-release-macos-arm64 | 0.2.1 | 92.00 | NOTE | |||
r-release-macos-x86_64 | 0.2.1 | 241.00 | NOTE | |||
r-release-windows-x86_64 | 0.2.1 | 8.00 | 216.00 | 224.00 | NOTE | |
r-oldrel-macos-arm64 | 0.2.1 | 118.00 | OK | |||
r-oldrel-macos-x86_64 | 0.2.1 | 231.00 | OK | |||
r-oldrel-windows-x86_64 | 0.2.1 | 9.00 | 437.00 | 446.00 | OK |
Version: 0.2.1
Check: DESCRIPTION meta-information
Result: NOTE
Missing dependency on R >= 4.1.0 because package code uses the pipe
|> or function shorthand \(...) syntax added in R 4.1.0.
File(s) using such syntax:
‘save.R’
Flavors: r-devel-linux-x86_64-debian-clang, r-devel-linux-x86_64-debian-gcc, r-devel-linux-x86_64-fedora-clang, r-devel-linux-x86_64-fedora-gcc, r-devel-windows-x86_64, r-patched-linux-x86_64, r-release-linux-x86_64, r-release-macos-arm64, r-release-macos-x86_64, r-release-windows-x86_64