Last updated on 2025-05-07 03:51:10 CEST.
Flavor | Version | Tinstall | Tcheck | Ttotal | Status | Flags |
---|---|---|---|---|---|---|
r-devel-linux-x86_64-debian-clang | 1.3.0 | 8.95 | 204.04 | 212.99 | NOTE | |
r-devel-linux-x86_64-debian-gcc | 1.3.0 | 6.13 | 144.62 | 150.75 | NOTE | |
r-devel-linux-x86_64-fedora-clang | 1.3.0 | 343.44 | OK | |||
r-devel-linux-x86_64-fedora-gcc | 1.3.0 | 364.57 | OK | |||
r-devel-windows-x86_64 | 1.3.0 | 11.00 | 198.00 | 209.00 | OK | |
r-patched-linux-x86_64 | 1.3.0 | 10.19 | 195.05 | 205.24 | OK | |
r-release-linux-x86_64 | 1.3.0 | 6.94 | 192.91 | 199.85 | OK | |
r-release-macos-arm64 | 1.3.0 | 100.00 | OK | |||
r-release-macos-x86_64 | 1.3.0 | 173.00 | OK | |||
r-release-windows-x86_64 | 1.3.0 | 12.00 | 196.00 | 208.00 | OK | |
r-oldrel-macos-arm64 | 1.3.0 | 85.00 | NOTE | |||
r-oldrel-macos-x86_64 | 1.3.0 | 137.00 | OK | |||
r-oldrel-windows-x86_64 | 1.3.0 | 15.00 | 240.00 | 255.00 | OK |
Version: 1.3.0
Check: CRAN incoming feasibility
Result: NOTE
Maintainer: ‘Benjamin Butler <benjamin.butler@hutton.ac.uk>’
Package CITATION file contains call(s) to old-style personList() or
as.personList(). Please use c() on person objects instead.
Package CITATION file contains call(s) to old-style citEntry(). Please
use bibentry() instead.
Flavors: r-devel-linux-x86_64-debian-clang, r-devel-linux-x86_64-debian-gcc
Version: 1.3.0
Check: installed package size
Result: NOTE
installed size is 5.0Mb
sub-directories of 1Mb or more:
data 1.1Mb
doc 3.0Mb
Flavor: r-oldrel-macos-arm64