CRAN Package Check Results for Package powerCompRisk

Last updated on 2025-05-07 03:51:10 CEST.

Flavor Version Tinstall Tcheck Ttotal Status Flags
r-devel-linux-x86_64-debian-clang 1.0.1 1.81 17.03 18.84 NOTE
r-devel-linux-x86_64-debian-gcc 1.0.1 1.29 14.27 15.56 NOTE
r-devel-linux-x86_64-fedora-clang 1.0.1 28.93 OK
r-devel-linux-x86_64-fedora-gcc 1.0.1 27.67 OK
r-devel-windows-x86_64 1.0.1 2.00 38.00 40.00 OK
r-patched-linux-x86_64 1.0.1 1.83 16.25 18.08 OK
r-release-linux-x86_64 1.0.1 1.65 16.37 18.02 OK
r-release-macos-arm64 1.0.1 15.00 OK
r-release-macos-x86_64 1.0.1 22.00 OK
r-release-windows-x86_64 1.0.1 3.00 38.00 41.00 OK
r-oldrel-macos-arm64 1.0.1 14.00 NOTE
r-oldrel-macos-x86_64 1.0.1 19.00 NOTE
r-oldrel-windows-x86_64 1.0.1 2.00 40.00 42.00 NOTE

Check Details

Version: 1.0.1
Check: CRAN incoming feasibility
Result: NOTE Maintainer: ‘Eric Kawaguchi <erickawaguchi@ucla.edu>’ No Authors@R field in DESCRIPTION. Please add one, modifying Authors@R: c(person(given = "Qing", family = "Yang", role = "aut"), person(given = c("Wing", "K."), family = "Fung", role = "aut"), person(given = "Eric", family = "Kawaguchi", role = c("ctb", "cre"), email = "erickawaguchi@ucla.edu"), person(given = "Gang", family = "Li", role = c("aut", "cre"))) as necessary. Flavors: r-devel-linux-x86_64-debian-clang, r-devel-linux-x86_64-debian-gcc

Version: 1.0.1
Check: LazyData
Result: NOTE 'LazyData' is specified without a 'data' directory Flavors: r-oldrel-macos-arm64, r-oldrel-macos-x86_64, r-oldrel-windows-x86_64