Last updated on 2025-07-24 03:50:07 CEST.
Flavor | Version | Tinstall | Tcheck | Ttotal | Status | Flags |
---|---|---|---|---|---|---|
r-devel-linux-x86_64-debian-clang | 1.1.0.1 | 6.29 | 165.17 | 171.46 | NOTE | |
r-devel-linux-x86_64-debian-gcc | 1.1.0.1 | 5.61 | 108.29 | 113.90 | NOTE | |
r-devel-linux-x86_64-fedora-clang | 1.1.0.1 | 273.52 | OK | |||
r-devel-linux-x86_64-fedora-gcc | 1.1.0.1 | 293.77 | OK | |||
r-devel-windows-x86_64 | 1.1.0.1 | 10.00 | 151.00 | 161.00 | OK | |
r-patched-linux-x86_64 | 1.1.0.1 | 9.05 | 157.50 | 166.55 | OK | |
r-release-linux-x86_64 | 1.1.0.1 | 7.47 | 159.33 | 166.80 | OK | |
r-release-macos-arm64 | 1.1.0.1 | 75.00 | OK | |||
r-release-macos-x86_64 | 1.1.0.1 | 138.00 | OK | |||
r-release-windows-x86_64 | 1.1.0.1 | 11.00 | 143.00 | 154.00 | OK | |
r-oldrel-macos-arm64 | 1.1.0.1 | 63.00 | NOTE | |||
r-oldrel-macos-x86_64 | 1.1.0.1 | 127.00 | NOTE | |||
r-oldrel-windows-x86_64 | 1.1.0.1 | 14.00 | 195.00 | 209.00 | NOTE |
Version: 1.1.0.1
Check: CRAN incoming feasibility
Result: NOTE
Maintainer: ‘Zeynel Cebeci <zcebeci@cukurova.edu.tr>’
Package CITATION file contains call(s) to old-style citEntry(). Please
use bibentry() instead.
Flavors: r-devel-linux-x86_64-debian-clang, r-devel-linux-x86_64-debian-gcc
Version: 1.1.0.1
Check: installed package size
Result: NOTE
installed size is 6.7Mb
sub-directories of 1Mb or more:
doc 6.2Mb
Flavors: r-oldrel-macos-arm64, r-oldrel-macos-x86_64, r-oldrel-windows-x86_64