Last updated on 2025-05-06 03:51:11 CEST.
Flavor | Version | Tinstall | Tcheck | Ttotal | Status | Flags |
---|---|---|---|---|---|---|
r-devel-linux-x86_64-debian-clang | 0.1.3 | 5.26 | 40.68 | 45.94 | NOTE | |
r-devel-linux-x86_64-debian-gcc | 0.1.3 | 3.65 | 30.14 | 33.79 | NOTE | |
r-devel-linux-x86_64-fedora-clang | 0.1.3 | 69.30 | OK | |||
r-devel-linux-x86_64-fedora-gcc | 0.1.3 | 64.33 | OK | |||
r-devel-windows-x86_64 | 0.1.3 | 7.00 | 58.00 | 65.00 | OK | |
r-patched-linux-x86_64 | 0.1.3 | 5.03 | 36.22 | 41.25 | OK | |
r-release-linux-x86_64 | 0.1.3 | 4.35 | 36.74 | 41.09 | OK | |
r-release-macos-arm64 | 0.1.3 | 25.00 | OK | |||
r-release-macos-x86_64 | 0.1.3 | 39.00 | OK | |||
r-release-windows-x86_64 | 0.1.3 | 7.00 | 58.00 | 65.00 | OK | |
r-oldrel-macos-arm64 | 0.1.3 | 25.00 | OK | |||
r-oldrel-macos-x86_64 | 0.1.3 | 33.00 | OK | |||
r-oldrel-windows-x86_64 | 0.1.3 | 10.00 | 67.00 | 77.00 | OK |
Version: 0.1.3
Check: CRAN incoming feasibility
Result: NOTE
Maintainer: ‘Christopher T. Kenny <christopherkenny@fas.harvard.edu>’
Package CITATION file contains call(s) to old-style personList() or
as.personList(). Please use c() on person objects instead.
Package CITATION file contains call(s) to old-style citEntry(). Please
use bibentry() instead.
Flavors: r-devel-linux-x86_64-debian-clang, r-devel-linux-x86_64-debian-gcc