Last updated on 2025-05-04 03:51:02 CEST.
Flavor | Version | Tinstall | Tcheck | Ttotal | Status | Flags |
---|---|---|---|---|---|---|
r-devel-linux-x86_64-debian-clang | 1.4 | 11.31 | 127.06 | 138.37 | NOTE | |
r-devel-linux-x86_64-debian-gcc | 1.4 | 7.44 | 88.71 | 96.15 | NOTE | |
r-devel-linux-x86_64-fedora-clang | 1.4 | 205.73 | OK | |||
r-devel-linux-x86_64-fedora-gcc | 1.4 | 195.23 | OK | |||
r-devel-windows-x86_64 | 1.4 | 12.00 | 141.00 | 153.00 | NOTE | |
r-patched-linux-x86_64 | 1.4 | 10.25 | 114.60 | 124.85 | NOTE | |
r-release-linux-x86_64 | NOTE | |||||
r-release-macos-arm64 | 1.4 | 62.00 | OK | |||
r-release-macos-x86_64 | 1.4 | 128.00 | OK | |||
r-release-windows-x86_64 | 1.4 | 12.00 | 131.00 | 143.00 | NOTE | |
r-oldrel-macos-arm64 | 1.4 | 57.00 | OK | |||
r-oldrel-macos-x86_64 | 1.4 | 87.00 | OK | |||
r-oldrel-windows-x86_64 | 1.4 | 17.00 | 157.00 | 174.00 | OK |
Version: 1.4
Check: CRAN incoming feasibility
Result: NOTE
Maintainer: ‘Ian Renner <Ian.Renner@newcastle.edu.au>’
No Authors@R field in DESCRIPTION.
Please add one, modifying
Authors@R: person(given = "Ian",
family = "Renner",
role = c("aut", "cre"),
email = "ian.renner@newcastle.edu.au")
as necessary.
Flavors: r-devel-linux-x86_64-debian-clang, r-devel-linux-x86_64-debian-gcc
Version: 1.4
Check: Rd cross-references
Result: NOTE
Found the following Rd file(s) with Rd \link{} targets missing package
anchors:
envelope-methods.Rd: envelope
Please provide package anchors for all Rd \link{} targets not in the
package itself and the base packages.
Flavors: r-devel-linux-x86_64-debian-clang, r-devel-linux-x86_64-debian-gcc, r-devel-windows-x86_64, r-patched-linux-x86_64, r-release-linux-x86_64, r-release-windows-x86_64